CRAN Package Check Results for Package hexbin

Last updated on 2024-07-13 04:48:39 CEST.

Flavor Version Tinstall Tcheck Ttotal Status Flags
r-devel-linux-x86_64-debian-clang 1.28.3 10.14 79.79 89.93 OK
r-devel-linux-x86_64-debian-gcc 1.28.3 8.13 60.87 69.00 OK
r-devel-linux-x86_64-fedora-clang 1.28.3 113.61 OK
r-devel-linux-x86_64-fedora-gcc 1.28.3 119.93 OK
r-devel-windows-x86_64 1.28.3 13.00 95.00 108.00 OK
r-patched-linux-x86_64 1.28.3 12.80 76.27 89.07 OK
r-release-linux-x86_64 1.28.3 8.99 74.33 83.32 OK
r-release-macos-arm64 1.28.3 43.00 OK
r-release-macos-x86_64 1.28.3 66.00 OK
r-release-windows-x86_64 1.28.3 14.00 92.00 106.00 OK
r-oldrel-macos-arm64 1.28.3 44.00 OK
r-oldrel-macos-x86_64 1.28.3 60.00 NOTE
r-oldrel-windows-x86_64 1.28.3 15.00 104.00 119.00 OK

Check Details

Version: 1.28.3
Check: package dependencies
Result: NOTE Packages suggested but not available for checking: 'marray', 'affy', 'Biobase', 'limma' Flavor: r-oldrel-macos-x86_64

Version: 1.28.3
Check: Rd cross-references
Result: NOTE Package unavailable to check Rd xrefs: ‘limma’ Flavor: r-oldrel-macos-x86_64

Version: 1.28.3
Check: re-building of vignette outputs
Result: NOTE Note: skipping ‘hexagon_binning.Rnw’ due to unavailable dependencies: 'marray' Flavor: r-oldrel-macos-x86_64