CRAN Package Check Results for Package hashids

Last updated on 2024-07-24 04:49:50 CEST.

Flavor Version Tinstall Tcheck Ttotal Status Flags
r-devel-linux-x86_64-debian-clang 0.9.0 2.64 24.14 26.78 NOTE
r-devel-linux-x86_64-debian-gcc 0.9.0 1.36 18.51 19.87 NOTE
r-devel-linux-x86_64-fedora-clang 0.9.0 34.06 NOTE
r-devel-linux-x86_64-fedora-gcc 0.9.0 31.55 NOTE
r-devel-windows-x86_64 0.9.0 3.00 42.00 45.00 NOTE
r-patched-linux-x86_64 0.9.0 2.30 23.63 25.93 NOTE
r-release-linux-x86_64 0.9.0 2.08 23.50 25.58 NOTE
r-release-macos-arm64 0.9.0 14.00 NOTE
r-release-macos-x86_64 0.9.0 20.00 NOTE
r-release-windows-x86_64 0.9.0 3.00 41.00 44.00 NOTE
r-oldrel-macos-arm64 0.9.0 15.00 NOTE
r-oldrel-macos-x86_64 0.9.0 20.00 NOTE
r-oldrel-windows-x86_64 0.9.0 3.00 43.00 46.00 NOTE

Check Details

Version: 0.9.0
Check: LazyData
Result: NOTE 'LazyData' is specified without a 'data' directory Flavors: r-devel-linux-x86_64-debian-clang, r-devel-linux-x86_64-debian-gcc, r-devel-linux-x86_64-fedora-clang, r-devel-linux-x86_64-fedora-gcc, r-devel-windows-x86_64, r-patched-linux-x86_64, r-release-linux-x86_64, r-release-macos-arm64, r-release-macos-x86_64, r-release-windows-x86_64, r-oldrel-macos-arm64, r-oldrel-macos-x86_64, r-oldrel-windows-x86_64