CRAN Package Check Results for Package gwid

Last updated on 2024-07-18 04:50:16 CEST.

Flavor Version Tinstall Tcheck Ttotal Status Flags
r-devel-linux-x86_64-debian-clang 0.2.0 19.45 275.61 295.06 OK
r-devel-linux-x86_64-debian-gcc 0.2.0 10.32 91.50 101.82 ERROR
r-devel-linux-x86_64-fedora-clang 0.2.0 414.70 OK
r-devel-linux-x86_64-fedora-gcc 0.2.0 393.86 OK
r-devel-windows-x86_64 0.2.0 14.00 284.00 298.00 OK
r-patched-linux-x86_64 0.2.0 17.24 276.84 294.08 OK
r-release-linux-x86_64 0.2.0 10.58 284.29 294.87 OK
r-release-macos-arm64 0.2.0 142.00 OK
r-release-macos-x86_64 0.2.0 348.00 OK
r-release-windows-x86_64 0.2.0 16.00 284.00 300.00 OK
r-oldrel-macos-arm64 0.2.0 149.00 ERROR
r-oldrel-macos-x86_64 0.2.0 268.00 ERROR
r-oldrel-windows-x86_64 0.2.0 19.00 325.00 344.00 OK

Check Details

Version: 0.2.0
Check: re-building of vignette outputs
Result: ERROR Error(s) in re-building vignettes: ... --- re-building ‘my-vignette.Rmd’ using rmarkdown Quitting from lines 76-84 [unnamed-chunk-5] (my-vignette.Rmd) Error: processing vignette 'my-vignette.Rmd' failed with diagnostics: ! Cannot access release data for repo "soroushmdg/gwid". Check that you have provided a `.token` and that the repo is correctly specified. Failed to perform HTTP request. --- failed re-building ‘my-vignette.Rmd’ SUMMARY: processing the following file failed: ‘my-vignette.Rmd’ Error: Vignette re-building failed. Execution halted Flavor: r-devel-linux-x86_64-debian-gcc

Version: 0.2.0
Check: running R code from vignettes
Result: ERROR Errors in running code in vignettes: when running code in ‘my-vignette.Rmd’ ... The following objects are masked from ‘package:base’: print, subset > knitr::include_graphics("../man/figures/final-copy-arrow.png") When sourcing ‘my-vignette.R’: Error: Cannot find the file(s): "../man/figures/final-copy-arrow.png" Execution halted ‘my-vignette.Rmd’ using ‘UTF-8’... failed Flavors: r-oldrel-macos-arm64, r-oldrel-macos-x86_64