CRAN Package Check Results for Package gstat

Last updated on 2024-06-24 05:48:15 CEST.

Flavor Version Tinstall Tcheck Ttotal Status Flags
r-devel-linux-x86_64-debian-clang 2.1-1 23.77 240.10 263.87 NOTE
r-devel-linux-x86_64-debian-gcc 2.1-1 21.06 174.74 195.80 NOTE
r-devel-linux-x86_64-fedora-clang 2.1-1 324.19 NOTE
r-devel-linux-x86_64-fedora-gcc 2.1-1 326.68 NOTE
r-devel-windows-x86_64 2.1-1 36.00 257.00 293.00 NOTE
r-patched-linux-x86_64 2.1-1 33.33 225.02 258.35 NOTE
r-release-linux-x86_64 2.1-1 25.85 223.82 249.67 NOTE
r-release-macos-arm64 2.1-1 106.00 NOTE
r-release-macos-x86_64 2.1-1 162.00 NOTE
r-release-windows-x86_64 2.1-1 32.00 255.00 287.00 NOTE
r-oldrel-macos-arm64 2.1-1 112.00 OK
r-oldrel-macos-x86_64 2.1-1 203.00 OK
r-oldrel-windows-x86_64 2.1-1 39.00 284.00 323.00 OK

Additional issues

M1mac

Check Details

Version: 2.1-1
Check: Rd files
Result: NOTE checkRd: (-1) jura.Rd:29: Lost braces; missing escapes or markup? 29 | \item{Cd}{ mg cadmium kg^{-1} topsoil } | ^ checkRd: (-1) jura.Rd:30: Lost braces; missing escapes or markup? 30 | \item{Co}{ mg cobalt kg^{-1} topsoil } | ^ checkRd: (-1) jura.Rd:31: Lost braces; missing escapes or markup? 31 | \item{Cr}{ mg chromium kg^{-1} topsoil } | ^ checkRd: (-1) jura.Rd:32: Lost braces; missing escapes or markup? 32 | \item{Cu}{ mg copper kg^{-1} topsoil } | ^ checkRd: (-1) jura.Rd:33: Lost braces; missing escapes or markup? 33 | \item{Ni}{ mg nickel kg^{-1} topsoil } | ^ checkRd: (-1) jura.Rd:34: Lost braces; missing escapes or markup? 34 | \item{Pb}{ mg lead kg^{-1} topsoil } | ^ checkRd: (-1) jura.Rd:35: Lost braces; missing escapes or markup? 35 | \item{Zn}{ mg zinc kg^{-1} topsoil } | ^ checkRd: (-1) variogramST.Rd:49: Lost braces; missing escapes or markup? 49 | time lag $t$, the pseudo cross variogram $(Z_i(s)-Z_{i+t}(s+h))^2$ is averaged over all time | ^ checkRd: (-1) variogramST.Rd:50: Lost braces; missing escapes or markup? 50 | lagged observation sets $Z_i$ and $Z_{i+t}$ available (weighted by the number of pairs involved). | ^ Flavors: r-devel-linux-x86_64-debian-clang, r-devel-linux-x86_64-debian-gcc, r-devel-linux-x86_64-fedora-clang, r-devel-linux-x86_64-fedora-gcc, r-devel-windows-x86_64, r-patched-linux-x86_64, r-release-linux-x86_64, r-release-macos-arm64, r-release-macos-x86_64, r-release-windows-x86_64