CRAN Package Check Results for Package gremlin

Last updated on 2024-07-16 16:52:51 CEST.

Flavor Version Tinstall Tcheck Ttotal Status Flags
r-devel-linux-x86_64-debian-clang 1.0.1 23.15 79.37 102.52 NOTE
r-devel-linux-x86_64-debian-gcc 1.0.1 18.17 58.69 76.86 NOTE
r-devel-linux-x86_64-fedora-clang 1.0.1 123.06 NOTE
r-devel-linux-x86_64-fedora-gcc 1.0.1 123.13 NOTE
r-devel-windows-x86_64 1.0.1 27.00 78.00 105.00 NOTE
r-patched-linux-x86_64 1.0.1 20.64 74.68 95.32 NOTE
r-release-linux-x86_64 1.0.1 16.48 76.53 93.01 NOTE
r-release-macos-arm64 1.0.1 38.00 NOTE
r-release-macos-x86_64 1.0.1 74.00 NOTE
r-release-windows-x86_64 1.0.1 27.00 79.00 106.00 NOTE
r-oldrel-macos-arm64 1.0.1 42.00 OK
r-oldrel-macos-x86_64 1.0.1 67.00 OK
r-oldrel-windows-x86_64 1.0.1 31.00 111.00 142.00 OK

Additional issues

noRemap

Check Details

Version: 1.0.1
Check: Rd files
Result: NOTE checkRd: (-1) covFun.Rd:89-90: Lost braces in \itemize; meant \describe ? checkRd: (-1) covFun.Rd:91-92: Lost braces in \itemize; meant \describe ? checkRd: (-1) covFun.Rd:93-95: Lost braces in \itemize; meant \describe ? checkRd: (-1) covFun.Rd:96-97: Lost braces in \itemize; meant \describe ? checkRd: (-1) covFun.Rd:98-99: Lost braces in \itemize; meant \describe ? checkRd: (-1) covFun.Rd:100-103: Lost braces in \itemize; meant \describe ? checkRd: (-1) covFun.Rd:104-106: Lost braces in \itemize; meant \describe ? checkRd: (-1) covFun.Rd:107-109: Lost braces in \itemize; meant \describe ? checkRd: (-1) covFun.Rd:110-111: Lost braces in \itemize; meant \describe ? checkRd: (-1) covFun.Rd:112-113: Lost braces in \itemize; meant \describe ? checkRd: (-1) covFun.Rd:114-115: Lost braces in \itemize; meant \describe ? checkRd: (-1) covFun.Rd:116-117: Lost braces in \itemize; meant \describe ? Flavors: r-devel-linux-x86_64-debian-clang, r-devel-linux-x86_64-debian-gcc, r-devel-linux-x86_64-fedora-clang, r-devel-linux-x86_64-fedora-gcc, r-devel-windows-x86_64, r-patched-linux-x86_64, r-release-linux-x86_64, r-release-macos-arm64, r-release-macos-x86_64, r-release-windows-x86_64