CRAN Package Check Results for Package gma

Last updated on 2024-06-14 05:00:19 CEST.

Flavor Version Tinstall Tcheck Ttotal Status Flags
r-devel-linux-x86_64-debian-clang 1.0 4.61 40.29 44.90 OK
r-devel-linux-x86_64-debian-gcc 1.0 0.34 1.65 1.99 ERROR
r-devel-linux-x86_64-fedora-clang 1.0 59.22 OK
r-devel-linux-x86_64-fedora-gcc 1.0 54.40 OK
r-devel-windows-x86_64 1.0 5.00 50.00 55.00 OK
r-patched-linux-x86_64 1.0 3.64 38.72 42.36 OK
r-release-linux-x86_64 1.0 4.66 37.90 42.56 OK
r-release-macos-arm64 1.0 20.00 OK
r-release-macos-x86_64 1.0 28.00 OK
r-release-windows-x86_64 1.0 6.00 52.00 58.00 OK
r-oldrel-macos-arm64 1.0 20.00 OK
r-oldrel-macos-x86_64 1.0 29.00 OK
r-oldrel-windows-x86_64 1.0 7.00 54.00 61.00 OK

Check Details

Version: 1.0
Check: package dependencies
Result: ERROR Package required but not available: ‘car’ See section ‘The DESCRIPTION file’ in the ‘Writing R Extensions’ manual. Flavor: r-devel-linux-x86_64-debian-gcc