CRAN Package Check Results for Package glmmrBase

Last updated on 2024-06-22 17:57:33 CEST.

Flavor Version Tinstall Tcheck Ttotal Status Flags
r-devel-linux-x86_64-debian-clang 0.9.2 1706.57 217.52 1924.09 NOTE
r-devel-linux-x86_64-debian-gcc 0.9.2 1492.88 267.52 1760.40 NOTE
r-devel-linux-x86_64-fedora-clang 0.9.2 2405.32 NOTE
r-devel-linux-x86_64-fedora-gcc 0.9.2 3669.43 NOTE
r-devel-windows-x86_64 0.9.2 855.00 286.00 1141.00 NOTE
r-patched-linux-x86_64 0.8.1 0.02 3.72 3.74 ERROR
r-release-linux-x86_64 0.8.1 1371.71 341.41 1713.12 NOTE
r-release-macos-arm64 0.9.2 556.00 NOTE
r-release-macos-x86_64 0.9.2 542.00 NOTE
r-release-windows-x86_64 0.8.1 1298.00 293.00 1591.00 NOTE
r-oldrel-macos-arm64 0.9.2 571.00 NOTE
r-oldrel-macos-x86_64 0.9.2 506.00 NOTE
r-oldrel-windows-x86_64 0.9.2 937.00 327.00 1264.00 NOTE

Check Details

Version: 0.9.2
Check: for GNU extensions in Makefiles
Result: NOTE GNU make is a SystemRequirements. Flavors: r-devel-linux-x86_64-debian-clang, r-devel-linux-x86_64-debian-gcc, r-devel-linux-x86_64-fedora-clang, r-devel-linux-x86_64-fedora-gcc, r-devel-windows-x86_64, r-release-macos-arm64, r-release-macos-x86_64, r-oldrel-macos-arm64, r-oldrel-macos-x86_64, r-oldrel-windows-x86_64

Version: 0.9.2
Check: installed package size
Result: NOTE installed size is 11.5Mb sub-directories of 1Mb or more: libs 10.1Mb Flavors: r-devel-linux-x86_64-fedora-clang, r-devel-windows-x86_64, r-release-macos-arm64, r-release-macos-x86_64, r-oldrel-macos-arm64, r-oldrel-macos-x86_64, r-oldrel-windows-x86_64

Version: 0.8.1
Check: whether package can be installed
Result: ERROR Installation failed. Flavor: r-patched-linux-x86_64

Version: 0.8.1
Check: for GNU extensions in Makefiles
Result: NOTE GNU make is a SystemRequirements. Flavors: r-release-linux-x86_64, r-release-windows-x86_64

Version: 0.8.1
Check: installed package size
Result: NOTE installed size is 9.5Mb sub-directories of 1Mb or more: libs 8.2Mb Flavor: r-release-windows-x86_64