CRAN Package Check Results for Package gimms

Last updated on 2024-07-18 04:50:15 CEST.

Flavor Version Tinstall Tcheck Ttotal Status Flags
r-devel-linux-x86_64-debian-clang 1.2.2 30.23 321.82 352.05 NOTE
r-devel-linux-x86_64-debian-gcc 1.2.2 26.94 223.00 249.94 NOTE
r-devel-linux-x86_64-fedora-clang 1.2.2 422.79 NOTE
r-devel-linux-x86_64-fedora-gcc 1.2.2 396.09 NOTE
r-devel-windows-x86_64 1.2.2 24.00 194.00 218.00 NOTE
r-patched-linux-x86_64 1.2.2 34.67 298.72 333.39 NOTE
r-release-linux-x86_64 1.2.2 29.27 298.08 327.35 NOTE
r-release-macos-arm64 1.2.2 91.00 NOTE
r-release-macos-x86_64 1.2.2 151.00 NOTE
r-release-windows-x86_64 1.2.2 26.00 199.00 225.00 NOTE
r-oldrel-macos-arm64 1.2.2 95.00 OK
r-oldrel-macos-x86_64 1.2.2 172.00 OK
r-oldrel-windows-x86_64 1.2.2 36.00 252.00 288.00 OK

Check Details

Version: 1.2.2
Check: Rd files
Result: NOTE checkRd: (-1) significantTau.Rd:48-51: Lost braces in \itemize; \value handles \item{}{} directly checkRd: (-1) significantTau.Rd:52-53: Lost braces in \itemize; \value handles \item{}{} directly Flavors: r-devel-linux-x86_64-debian-clang, r-devel-linux-x86_64-debian-gcc, r-devel-linux-x86_64-fedora-clang, r-devel-linux-x86_64-fedora-gcc, r-devel-windows-x86_64, r-patched-linux-x86_64, r-release-linux-x86_64, r-release-macos-arm64, r-release-macos-x86_64, r-release-windows-x86_64

Version: 1.2.2
Check: Rd cross-references
Result: NOTE Found the following Rd file(s) with Rd \link{} targets missing package anchors: monthlyComposite.Rd: stackApply, writeRaster oldNaming.Rd: writeFormats, ncvar_get, nc_open qualityControl.Rd: overlay, writeRaster rasterizeGimms.Rd: writeRaster significantTau.Rd: zyp.trend.vector, writeRaster, beginCluster, MannKendall Please provide package anchors for all Rd \link{} targets not in the package itself and the base packages. Flavor: r-devel-windows-x86_64