CRAN Package Check Results for Package ggstatsplot

Last updated on 2024-06-21 04:56:43 CEST.

Flavor Version Tinstall Tcheck Ttotal Status Flags
r-devel-linux-x86_64-debian-clang 0.12.3 9.62 146.20 155.82 OK
r-devel-linux-x86_64-debian-gcc 0.12.3 8.31 111.53 119.84 OK
r-devel-linux-x86_64-fedora-clang 0.12.3 214.54 OK
r-devel-linux-x86_64-fedora-gcc 0.12.3 219.97 OK
r-devel-windows-x86_64 0.12.3 12.00 125.00 137.00 OK
r-patched-linux-x86_64 0.12.3 13.15 142.83 155.98 OK
r-release-linux-x86_64 0.12.3 9.93 143.65 153.58 NOTE
r-release-macos-arm64 0.12.3 69.00 OK
r-release-macos-x86_64 0.12.3 113.00 OK
r-release-windows-x86_64 0.12.3 12.00 125.00 137.00 OK
r-oldrel-macos-arm64 0.12.3 118.00 OK
r-oldrel-macos-x86_64 0.12.3 185.00 OK
r-oldrel-windows-x86_64 0.12.3 17.00 239.00 256.00 OK

Check Details

Version: 0.12.3
Check: package dependencies
Result: NOTE Package suggested but not available for checking: ‘metaBMA’ Flavor: r-release-linux-x86_64