CRAN Package Check Results for Package ggpp

Last updated on 2024-06-14 05:00:19 CEST.

Flavor Version Tinstall Tcheck Ttotal Status Flags
r-devel-linux-x86_64-debian-clang 0.5.7 19.49 342.28 361.77 OK
r-devel-linux-x86_64-debian-gcc 0.5.7 1.83 1.94 3.77 ERROR
r-devel-linux-x86_64-fedora-clang 0.5.7 460.45 OK
r-devel-linux-x86_64-fedora-gcc 0.5.7 461.91 OK
r-devel-windows-x86_64 0.5.7 17.00 252.00 269.00 OK
r-patched-linux-x86_64 0.5.7 23.12 333.63 356.75 OK
r-release-linux-x86_64 0.5.7 22.81 325.03 347.84 OK
r-release-macos-arm64 0.5.7 137.00 OK
r-release-macos-x86_64 0.5.7 174.00 OK
r-release-windows-x86_64 0.5.7 19.00 244.00 263.00 OK
r-oldrel-macos-arm64 0.5.7 118.00 OK
r-oldrel-macos-x86_64 0.5.7 318.00 OK
r-oldrel-windows-x86_64 0.5.7 24.00 311.00 335.00 OK

Check Details

Version: 0.5.7
Check: package dependencies
Result: ERROR Packages required but not available: 'ggplot2', 'vctrs', 'tibble', 'dplyr', 'lubridate', 'stringr' Packages suggested but not available for checking: 'ggrepel', 'gginnards', 'magick', 'testthat', 'vdiffr' See section ‘The DESCRIPTION file’ in the ‘Writing R Extensions’ manual. Flavor: r-devel-linux-x86_64-debian-gcc