CRAN Package Check Results for Package ggmcmc

Last updated on 2024-07-16 04:56:08 CEST.

Flavor Version Tinstall Tcheck Ttotal Status Flags
r-devel-linux-x86_64-debian-clang 1.5.1.1 10.36 187.46 197.82 OK
r-devel-linux-x86_64-debian-gcc 1.5.1.1 6.56 138.72 145.28 OK
r-devel-linux-x86_64-fedora-clang 1.5.1.1 255.82 OK
r-devel-linux-x86_64-fedora-gcc 1.5.1.1 248.45 OK
r-devel-windows-x86_64 1.5.1.1 10.00 175.00 185.00 OK
r-patched-linux-x86_64 1.5.1.1 7.07 180.24 187.31 OK
r-release-linux-x86_64 1.5.1.1 8.52 175.48 184.00 OK
r-release-macos-arm64 1.5.1.1 73.00 OK
r-release-macos-x86_64 1.5.1.1 112.00 WARN
r-release-windows-x86_64 1.5.1.1 10.00 170.00 180.00 OK
r-oldrel-macos-arm64 1.5.1.1 78.00 OK
r-oldrel-macos-x86_64 1.5.1.1 119.00 OK
r-oldrel-windows-x86_64 1.5.1.1 12.00 199.00 211.00 OK

Check Details

Version: 1.5.1.1
Check: re-building of vignette outputs
Result: WARN Error(s) in re-building vignettes: --- re-building ‘using_ggmcmc.Rmd’ using rmarkdown --- finished re-building ‘using_ggmcmc.Rmd’ --- re-building ‘v70i09.Rnw’ using knitr Error: processing vignette 'v70i09.Rnw' failed with diagnostics: Running 'texi2dvi' on 'v70i09.tex' failed. LaTeX errors: ! Undefined control sequence. l.193 \hldef {R> }\hlkwd{library}\hldef{(}\hlsng{"ggmcmc"}\hldef{)} ? ! Emergency stop. ! Emergency stop. l.193 End of file on the terminal! ! ==> Fatal error occurred, no output PDF file produced! --- failed re-building ‘v70i09.Rnw’ SUMMARY: processing the following file failed: ‘v70i09.Rnw’ Error: Vignette re-building failed. Execution halted Flavor: r-release-macos-x86_64