CRAN Package Check Results for Package ggiraph

Last updated on 2024-07-22 16:57:15 CEST.

Flavor Version Tinstall Tcheck Ttotal Status Flags
r-devel-linux-x86_64-debian-clang 0.8.10 102.92 204.97 307.89 OK
r-devel-linux-x86_64-debian-gcc 0.8.10 69.11 153.62 222.73 NOTE
r-devel-linux-x86_64-fedora-clang 0.8.10 499.97 OK
r-devel-linux-x86_64-fedora-gcc 0.8.10 420.14 OK
r-devel-windows-x86_64 0.8.10 92.00 198.00 290.00 NOTE
r-patched-linux-x86_64 0.8.10 134.46 196.64 331.10 OK
r-release-linux-x86_64 0.8.10 86.33 199.05 285.38 OK
r-release-macos-arm64 0.8.10 115.00 NOTE
r-release-macos-x86_64 0.8.10 181.00 NOTE
r-release-windows-x86_64 0.8.10 127.00 197.00 324.00 OK
r-oldrel-macos-arm64 0.8.10 117.00 NOTE
r-oldrel-macos-x86_64 0.8.10 221.00 NOTE
r-oldrel-windows-x86_64 0.8.10 156.00 245.00 401.00 OK

Check Details

Version: 0.8.10
Check: Rd cross-references
Result: NOTE Found the following Rd file(s) with Rd \link{} targets missing package anchors: annotate_interactive.Rd: annotate annotation_raster_interactive.Rd: annotation_raster element_interactive.Rd: element_rect, element_line, element_text, labs facet_grid_interactive.Rd: facet_grid facet_wrap_interactive.Rd: facet_wrap geom_abline_interactive.Rd: geom_abline, geom_hline, geom_vline, aes geom_bar_interactive.Rd: geom_bar, geom_col, aes geom_bin_2d_interactive.Rd: geom_bin_2d, aes geom_boxplot_interactive.Rd: geom_boxplot, aes geom_contour_interactive.Rd: geom_contour, geom_contour_filled, aes geom_count_interactive.Rd: geom_bin2d, aes geom_crossbar_interactive.Rd: geom_crossbar, geom_errorbar, geom_linerange, geom_pointrange, aes geom_density_2d_interactive.Rd: geom_density_2d, geom_density_2d_filled, aes geom_density_interactive.Rd: geom_density, aes geom_dotplot_interactive.Rd: geom_dotplot, aes geom_errorbarh_interactive.Rd: geom_errorbarh, aes geom_hex_interactive.Rd: geom_hex, aes geom_histogram_interactive.Rd: geom_histogram, geom_freqpoly, aes geom_jitter_interactive.Rd: geom_jitter, aes geom_map_interactive.Rd: geom_map, aes geom_path_interactive.Rd: geom_path, geom_line, geom_step, aes geom_point_interactive.Rd: geom_point, aes geom_polygon_interactive.Rd: geom_polygon, aes geom_quantile_interactive.Rd: geom_quantile, aes geom_raster_interactive.Rd: geom_raster, aes geom_rect_interactive.Rd: geom_rect, geom_tile, aes geom_ribbon_interactive.Rd: geom_ribbon, geom_area, aes geom_segment_interactive.Rd: geom_segment, geom_curve, aes geom_sf_interactive.Rd: geom_sf, geom_sf_label, geom_sf_text, aes geom_smooth_interactive.Rd: geom_smooth, aes geom_spoke_interactive.Rd: geom_spoke, aes geom_text_interactive.Rd: geom_text, geom_label, aes geom_text_repel_interactive.Rd: aes geom_violin_interactive.Rd: geom_violin, aes guide_bins_interactive.Rd: guide_bins guide_colourbar_interactive.Rd: guide_colourbar guide_coloursteps_interactive.Rd: guide_coloursteps guide_legend_interactive.Rd: guide_legend interactive_parameters.Rd: aes, labs label_interactive.Rd: labs labeller_interactive.Rd: labeller, theme, aes, aes_, labellers scale_alpha_interactive.Rd: scale_alpha, scale_alpha_continuous, scale_alpha_discrete, scale_alpha_binned, scale_alpha_ordinal, scale_alpha_date, scale_alpha_datetime scale_colour_brewer_interactive.Rd: scale_colour_brewer, scale_fill_brewer, scale_colour_distiller, scale_fill_distiller, scale_colour_fermenter, scale_fill_fermenter scale_colour_interactive.Rd: scale_colour_continuous, scale_fill_continuous, scale_colour_grey, scale_fill_grey, scale_colour_hue, scale_fill_hue, scale_colour_binned, scale_fill_binned, scale_colour_discrete, scale_fill_discrete, scale_colour_date, scale_fill_date, scale_colour_datetime, scale_fill_datetime scale_colour_steps_interactive.Rd: scale_colour_steps, scale_fill_steps, scale_colour_steps2, scale_fill_steps2, scale_colour_stepsn, scale_fill_stepsn scale_gradient_interactive.Rd: scale_colour_gradient, scale_fill_gradient, scale_colour_gradient2, scale_fill_gradient2, scale_colour_gradientn, scale_fill_gradientn scale_linetype_interactive.Rd: scale_linetype, scale_linetype_continuous, scale_linetype_discrete, scale_linetype_binned scale_manual_interactive.Rd: scale_colour_manual, scale_fill_manual, scale_size_manual, scale_shape_manual, scale_linetype_manual, scale_alpha_manual, scale_discrete_manual scale_shape_interactive.Rd: scale_shape, scale_shape_continuous, scale_shape_discrete, scale_shape_binned, scale_shape_ordinal scale_size_interactive.Rd: scale_size, scale_size_area, scale_size_continuous, scale_size_discrete, scale_size_binned, scale_size_binned_area, scale_size_date, scale_size_datetime, scale_size_ordinal, scale_radius scale_viridis_interactive.Rd: scale_colour_viridis_d, scale_fill_viridis_d, scale_colour_viridis_c, scale_fill_viridis_c, scale_colour_viridis_b, scale_fill_viridis_b, scale_colour_ordinal, scale_fill_ordinal Please provide package anchors for all Rd \link{} targets not in the package itself and the base packages. Flavors: r-devel-linux-x86_64-debian-gcc, r-devel-windows-x86_64

Version: 0.8.10
Check: installed package size
Result: NOTE installed size is 7.0Mb sub-directories of 1Mb or more: libs 4.9Mb Flavors: r-release-macos-arm64, r-release-macos-x86_64, r-oldrel-macos-arm64, r-oldrel-macos-x86_64