CRAN Package Check Results for Package ggRtsy

Last updated on 2024-07-14 16:52:33 CEST.

Flavor Version Tinstall Tcheck Ttotal Status Flags
r-devel-linux-x86_64-debian-clang 0.1.0 3.18 56.60 59.78 OK
r-devel-linux-x86_64-debian-gcc 0.1.0 3.68 42.58 46.26 OK
r-devel-linux-x86_64-fedora-clang 0.1.0 77.88 NOTE
r-devel-linux-x86_64-fedora-gcc 0.1.0 84.12 NOTE
r-devel-windows-x86_64 0.1.0 6.00 87.00 93.00 OK
r-patched-linux-x86_64 0.1.0 4.41 54.30 58.71 OK
r-release-linux-x86_64 0.1.0 3.94 54.11 58.05 OK
r-release-macos-arm64 0.1.0 34.00 OK
r-release-macos-x86_64 0.1.0 54.00 OK
r-release-windows-x86_64 0.1.0 6.00 62.00 68.00 OK
r-oldrel-macos-arm64 0.1.0 39.00 OK
r-oldrel-macos-x86_64 0.1.0 81.00 OK
r-oldrel-windows-x86_64 0.1.0 7.00 70.00 77.00 OK

Check Details

Version: 0.1.0
Check: data for non-ASCII characters
Result: NOTE Note: found 19 marked UTF-8 strings Flavors: r-devel-linux-x86_64-fedora-clang, r-devel-linux-x86_64-fedora-gcc