CRAN Package Check Results for Package gestate

Last updated on 2024-07-23 16:49:05 CEST.

Flavor Version Tinstall Tcheck Ttotal Status Flags
r-devel-linux-x86_64-debian-clang 1.6.0 15.45 220.76 236.21 NOTE
r-devel-linux-x86_64-debian-gcc 1.6.0 11.61 156.39 168.00 NOTE
r-devel-linux-x86_64-fedora-clang 1.6.0 288.17 NOTE
r-devel-linux-x86_64-fedora-gcc 1.6.0 310.31 NOTE
r-devel-windows-x86_64 1.6.0 18.00 188.00 206.00 NOTE
r-patched-linux-x86_64 1.6.0 19.10 208.18 227.28 NOTE
r-release-linux-x86_64 1.6.0 17.84 204.55 222.39 NOTE
r-release-macos-arm64 1.6.0 76.00 NOTE
r-release-macos-x86_64 1.6.0 120.00 NOTE
r-release-windows-x86_64 1.6.0 16.00 185.00 201.00 NOTE
r-oldrel-macos-arm64 1.6.0 82.00 OK
r-oldrel-macos-x86_64 1.6.0 186.00 OK
r-oldrel-windows-x86_64 1.6.0 26.00 220.00 246.00 OK

Check Details

Version: 1.6.0
Check: Rd files
Result: NOTE checkRd: (-1) analyse_sim.Rd:47: Lost braces in \itemize; \value handles \item{}{} directly checkRd: (-1) analyse_sim.Rd:48: Lost braces in \itemize; \value handles \item{}{} directly checkRd: (-1) analyse_sim.Rd:49: Lost braces in \itemize; \value handles \item{}{} directly checkRd: (-1) analyse_sim.Rd:50: Lost braces in \itemize; \value handles \item{}{} directly checkRd: (-1) analyse_sim.Rd:51: Lost braces in \itemize; \value handles \item{}{} directly checkRd: (-1) analyse_sim.Rd:52: Lost braces in \itemize; \value handles \item{}{} directly checkRd: (-1) analyse_sim.Rd:53: Lost braces in \itemize; \value handles \item{}{} directly checkRd: (-1) analyse_sim.Rd:54: Lost braces in \itemize; \value handles \item{}{} directly checkRd: (-1) analyse_sim.Rd:55: Lost braces in \itemize; \value handles \item{}{} directly checkRd: (-1) analyse_sim.Rd:56: Lost braces in \itemize; \value handles \item{}{} directly checkRd: (-1) analyse_sim.Rd:57: Lost braces in \itemize; \value handles \item{}{} directly checkRd: (-1) analyse_sim.Rd:58: Lost braces in \itemize; \value handles \item{}{} directly checkRd: (-1) analyse_sim.Rd:59: Lost braces in \itemize; \value handles \item{}{} directly checkRd: (-1) analyse_sim.Rd:60: Lost braces in \itemize; \value handles \item{}{} directly checkRd: (-1) analyse_sim.Rd:61: Lost braces in \itemize; \value handles \item{}{} directly checkRd: (-1) analyse_sim.Rd:62: Lost braces in \itemize; \value handles \item{}{} directly checkRd: (-1) analyse_sim.Rd:63: Lost braces in \itemize; \value handles \item{}{} directly checkRd: (-1) analyse_sim.Rd:64: Lost braces in \itemize; \value handles \item{}{} directly checkRd: (-1) analyse_sim.Rd:65: Lost braces in \itemize; \value handles \item{}{} directly checkRd: (-1) analyse_sim.Rd:66: Lost braces in \itemize; \value handles \item{}{} directly checkRd: (-1) analyse_sim.Rd:67: Lost braces in \itemize; \value handles \item{}{} directly checkRd: (-1) analyse_sim.Rd:68: Lost braces in \itemize; \value handles \item{}{} directly checkRd: (-1) analyse_sim.Rd:69: Lost braces in \itemize; \value handles \item{}{} directly checkRd: (-1) analyse_sim.Rd:70: Lost braces in \itemize; \value handles \item{}{} directly checkRd: (-1) analyse_sim.Rd:71: Lost braces in \itemize; \value handles \item{}{} directly checkRd: (-1) analyse_sim.Rd:72: Lost braces in \itemize; \value handles \item{}{} directly checkRd: (-1) analyse_sim.Rd:73: Lost braces in \itemize; \value handles \item{}{} directly checkRd: (-1) event_prediction.Rd:74: Lost braces in \itemize; \value handles \item{}{} directly checkRd: (-1) event_prediction.Rd:75: Lost braces in \itemize; \value handles \item{}{} directly checkRd: (-1) event_prediction.Rd:76: Lost braces in \itemize; \value handles \item{}{} directly checkRd: (-1) event_prediction.Rd:77: Lost braces in \itemize; \value handles \item{}{} directly checkRd: (-1) event_prediction.Rd:78: Lost braces in \itemize; \value handles \item{}{} directly checkRd: (-1) event_prediction.Rd:79: Lost braces in \itemize; \value handles \item{}{} directly checkRd: (-1) event_prediction.Rd:80: Lost braces in \itemize; \value handles \item{}{} directly checkRd: (-1) event_prediction.Rd:81: Lost braces in \itemize; \value handles \item{}{} directly checkRd: (-1) event_prediction.Rd:82: Lost braces in \itemize; \value handles \item{}{} directly checkRd: (-1) event_prediction.Rd:83: Lost braces in \itemize; \value handles \item{}{} directly checkRd: (-1) event_prediction.Rd:84: Lost braces in \itemize; \value handles \item{}{} directly checkRd: (-1) event_prediction.Rd:85: Lost braces in \itemize; \value handles \item{}{} directly checkRd: (-1) event_prediction_KM.Rd:74: Lost braces in \itemize; \value handles \item{}{} directly checkRd: (-1) event_prediction_KM.Rd:75: Lost braces in \itemize; \value handles \item{}{} directly checkRd: (-1) event_prediction_KM.Rd:76: Lost braces in \itemize; \value handles \item{}{} directly checkRd: (-1) event_prediction_KM.Rd:77: Lost braces in \itemize; \value handles \item{}{} directly checkRd: (-1) event_prediction_prior.Rd:89: Lost braces in \itemize; \value handles \item{}{} directly checkRd: (-1) event_prediction_prior.Rd:90: Lost braces in \itemize; \value handles \item{}{} directly checkRd: (-1) event_prediction_prior.Rd:91: Lost braces in \itemize; \value handles \item{}{} directly checkRd: (-1) event_prediction_prior.Rd:92: Lost braces in \itemize; \value handles \item{}{} directly checkRd: (-1) event_prediction_prior.Rd:93: Lost braces in \itemize; \value handles \item{}{} directly checkRd: (-1) event_prediction_prior.Rd:94: Lost braces in \itemize; \value handles \item{}{} directly checkRd: (-1) event_prediction_prior.Rd:95: Lost braces in \itemize; \value handles \item{}{} directly checkRd: (-1) event_prediction_prior.Rd:96: Lost braces in \itemize; \value handles \item{}{} directly checkRd: (-1) event_prediction_prior.Rd:97: Lost braces in \itemize; \value handles \item{}{} directly checkRd: (-1) event_prediction_prior.Rd:98: Lost braces in \itemize; \value handles \item{}{} directly checkRd: (-1) event_prediction_prior.Rd:99: Lost braces in \itemize; \value handles \item{}{} directly checkRd: (-1) event_prediction_prior.Rd:100: Lost braces in \itemize; \value handles \item{}{} directly checkRd: (-1) fit_KM.Rd:42: Lost braces in \itemize; \value handles \item{}{} directly checkRd: (-1) fit_KM.Rd:43: Lost braces in \itemize; \value handles \item{}{} directly checkRd: (-1) fit_KM.Rd:44: Lost braces in \itemize; \value handles \item{}{} directly checkRd: (-1) fit_KM.Rd:45: Lost braces in \itemize; \value handles \item{}{} directly checkRd: (-1) fit_tte_data.Rd:33: Lost braces in \itemize; \value handles \item{}{} directly checkRd: (-1) fit_tte_data.Rd:34: Lost braces in \itemize; \value handles \item{}{} directly checkRd: (-1) fit_tte_data.Rd:35: Lost braces in \itemize; \value handles \item{}{} directly checkRd: (-1) fit_tte_data.Rd:36: Lost braces in \itemize; \value handles \item{}{} directly checkRd: (-1) fit_tte_data_prior.Rd:51: Lost braces in \itemize; \value handles \item{}{} directly checkRd: (-1) fit_tte_data_prior.Rd:52: Lost braces in \itemize; \value handles \item{}{} directly checkRd: (-1) fit_tte_data_prior.Rd:53: Lost braces in \itemize; \value handles \item{}{} directly checkRd: (-1) fit_tte_data_prior.Rd:54: Lost braces in \itemize; \value handles \item{}{} directly checkRd: (-1) nph_traj.Rd:50: Lost braces in \itemize; \value handles \item{}{} directly checkRd: (-1) nph_traj.Rd:51: Lost braces in \itemize; \value handles \item{}{} directly checkRd: (-1) nph_traj.Rd:52: Lost braces in \itemize; \value handles \item{}{} directly checkRd: (-1) nph_traj.Rd:53: Lost braces in \itemize; \value handles \item{}{} directly checkRd: (-1) nph_traj.Rd:54: Lost braces in \itemize; \value handles \item{}{} directly checkRd: (-1) nph_traj.Rd:55: Lost braces in \itemize; \value handles \item{}{} directly checkRd: (-1) nph_traj.Rd:56: Lost braces in \itemize; \value handles \item{}{} directly checkRd: (-1) nph_traj.Rd:57: Lost braces in \itemize; \value handles \item{}{} directly checkRd: (-1) nph_traj.Rd:58: Lost braces in \itemize; \value handles \item{}{} directly checkRd: (-1) nph_traj.Rd:59: Lost braces in \itemize; \value handles \item{}{} directly checkRd: (-1) nph_traj.Rd:63: Lost braces in \itemize; \value handles \item{}{} directly checkRd: (-1) nph_traj.Rd:64: Lost braces in \itemize; \value handles \item{}{} directly checkRd: (-1) nph_traj.Rd:65: Lost braces in \itemize; \value handles \item{}{} directly checkRd: (-1) nph_traj.Rd:66: Lost braces in \itemize; \value handles \item{}{} directly checkRd: (-1) nph_traj.Rd:67: Lost braces in \itemize; \value handles \item{}{} directly checkRd: (-1) nph_traj.Rd:68: Lost braces in \itemize; \value handles \item{}{} directly checkRd: (-1) nph_traj.Rd:69: Lost braces in \itemize; \value handles \item{}{} directly checkRd: (-1) nph_traj.Rd:70: Lost braces in \itemize; \value handles \item{}{} directly checkRd: (-1) nph_traj.Rd:71: Lost braces in \itemize; \value handles \item{}{} directly checkRd: (-1) nph_traj.Rd:72: Lost braces in \itemize; \value handles \item{}{} directly checkRd: (-1) nph_traj.Rd:73: Lost braces in \itemize; \value handles \item{}{} directly checkRd: (-1) nph_traj.Rd:74: Lost braces in \itemize; \value handles \item{}{} directly checkRd: (-1) nph_traj.Rd:75: Lost braces in \itemize; \value handles \item{}{} directly checkRd: (-1) nph_traj.Rd:79: Lost braces in \itemize; \value handles \item{}{} directly checkRd: (-1) nph_traj.Rd:80: Lost braces in \itemize; \value handles \item{}{} directly checkRd: (-1) nph_traj.Rd:81: Lost braces in \itemize; \value handles \item{}{} directly checkRd: (-1) nph_traj.Rd:82: Lost braces in \itemize; \value handles \item{}{} directly checkRd: (-1) nph_traj.Rd:83: Lost braces in \itemize; \value handles \item{}{} directly checkRd: (-1) nph_traj.Rd:84: Lost braces in \itemize; \value handles \item{}{} directly checkRd: (-1) nph_traj.Rd:85: Lost braces in \itemize; \value handles \item{}{} directly checkRd: (-1) nph_traj.Rd:86: Lost braces in \itemize; \value handles \item{}{} directly checkRd: (-1) nph_traj.Rd:90: Lost braces in \itemize; \value handles \item{}{} directly checkRd: (-1) nph_traj.Rd:91: Lost braces in \itemize; \value handles \item{}{} directly checkRd: (-1) nph_traj.Rd:92: Lost braces in \itemize; \value handles \item{}{} directly checkRd: (-1) nph_traj.Rd:93: Lost braces in \itemize; \value handles \item{}{} directly checkRd: (-1) nph_traj.Rd:94: Lost braces in \itemize; \value handles \item{}{} directly checkRd: (-1) nph_traj.Rd:95: Lost braces in \itemize; \value handles \item{}{} directly checkRd: (-1) nph_traj.Rd:96: Lost braces in \itemize; \value handles \item{}{} directly checkRd: (-1) nph_traj.Rd:97: Lost braces in \itemize; \value handles \item{}{} directly checkRd: (-1) nph_traj.Rd:98: Lost braces in \itemize; \value handles \item{}{} directly checkRd: (-1) nph_traj.Rd:102: Lost braces in \itemize; \value handles \item{}{} directly checkRd: (-1) plot_npht.Rd:54: Lost braces in \itemize; meant \describe ? checkRd: (-1) plot_npht.Rd:55: Lost braces in \itemize; meant \describe ? checkRd: (-1) plot_npht.Rd:56: Lost braces in \itemize; meant \describe ? checkRd: (-1) plot_npht.Rd:57: Lost braces in \itemize; meant \describe ? checkRd: (-1) plot_npht.Rd:58: Lost braces in \itemize; meant \describe ? checkRd: (-1) plot_npht.Rd:59: Lost braces in \itemize; meant \describe ? checkRd: (-1) simulate_trials.Rd:62: Lost braces in \itemize; \value handles \item{}{} directly checkRd: (-1) simulate_trials.Rd:63: Lost braces in \itemize; \value handles \item{}{} directly checkRd: (-1) simulate_trials.Rd:64: Lost braces in \itemize; \value handles \item{}{} directly checkRd: (-1) simulate_trials.Rd:65: Lost braces in \itemize; \value handles \item{}{} directly checkRd: (-1) simulate_trials.Rd:66: Lost braces in \itemize; \value handles \item{}{} directly checkRd: (-1) simulate_trials.Rd:67: Lost braces in \itemize; \value handles \item{}{} directly checkRd: (-1) simulate_trials.Rd:68: Lost braces in \itemize; \value handles \item{}{} directly checkRd: (-1) simulate_trials.Rd:69: Lost braces in \itemize; \value handles \item{}{} directly checkRd: (-1) simulate_trials.Rd:70: Lost braces in \itemize; \value handles \item{}{} directly checkRd: (-1) simulate_trials.Rd:71: Lost braces in \itemize; \value handles \item{}{} directly checkRd: (-1) simulate_trials_strata.Rd:68: Lost braces in \itemize; \value handles \item{}{} directly checkRd: (-1) simulate_trials_strata.Rd:69: Lost braces in \itemize; \value handles \item{}{} directly checkRd: (-1) simulate_trials_strata.Rd:70: Lost braces in \itemize; \value handles \item{}{} directly checkRd: (-1) simulate_trials_strata.Rd:71: Lost braces in \itemize; \value handles \item{}{} directly checkRd: (-1) simulate_trials_strata.Rd:72: Lost braces in \itemize; \value handles \item{}{} directly checkRd: (-1) simulate_trials_strata.Rd:73: Lost braces in \itemize; \value handles \item{}{} directly checkRd: (-1) simulate_trials_strata.Rd:74: Lost braces in \itemize; \value handles \item{}{} directly checkRd: (-1) simulate_trials_strata.Rd:75: Lost braces in \itemize; \value handles \item{}{} directly checkRd: (-1) simulate_trials_strata.Rd:76: Lost braces in \itemize; \value handles \item{}{} directly checkRd: (-1) simulate_trials_strata.Rd:77: Lost braces in \itemize; \value handles \item{}{} directly checkRd: (-1) simulate_trials_strata.Rd:78: Lost braces in \itemize; \value handles \item{}{} directly checkRd: (-1) summarise_analysis.Rd:17: Lost braces in \itemize; \value handles \item{}{} directly checkRd: (-1) summarise_analysis.Rd:18: Lost braces in \itemize; \value handles \item{}{} directly checkRd: (-1) summarise_analysis.Rd:19: Lost braces in \itemize; \value handles \item{}{} directly checkRd: (-1) summarise_analysis.Rd:20: Lost braces in \itemize; \value handles \item{}{} directly checkRd: (-1) summarise_analysis.Rd:21: Lost braces in \itemize; \value handles \item{}{} directly checkRd: (-1) summarise_analysis.Rd:22: Lost braces in \itemize; \value handles \item{}{} directly checkRd: (-1) summarise_analysis.Rd:23: Lost braces in \itemize; \value handles \item{}{} directly checkRd: (-1) summarise_analysis.Rd:24: Lost braces in \itemize; \value handles \item{}{} directly checkRd: (-1) summarise_analysis.Rd:25: Lost braces in \itemize; \value handles \item{}{} directly checkRd: (-1) summarise_analysis.Rd:26: Lost braces in \itemize; \value handles \item{}{} directly checkRd: (-1) summarise_analysis.Rd:27: Lost braces in \itemize; \value handles \item{}{} directly checkRd: (-1) summarise_analysis.Rd:28: Lost braces in \itemize; \value handles \item{}{} directly checkRd: (-1) summarise_analysis.Rd:29: Lost braces in \itemize; \value handles \item{}{} directly checkRd: (-1) summarise_analysis.Rd:30: Lost braces in \itemize; \value handles \item{}{} directly checkRd: (-1) summarise_analysis.Rd:31: Lost braces in \itemize; \value handles \item{}{} directly checkRd: (-1) summarise_analysis.Rd:32: Lost braces in \itemize; \value handles \item{}{} directly checkRd: (-1) summarise_analysis.Rd:33: Lost braces in \itemize; \value handles \item{}{} directly checkRd: (-1) summarise_analysis.Rd:34: Lost braces in \itemize; \value handles \item{}{} directly checkRd: (-1) summarise_analysis.Rd:35: Lost braces in \itemize; \value handles \item{}{} directly checkRd: (-1) summarise_analysis.Rd:36: Lost braces in \itemize; \value handles \item{}{} directly checkRd: (-1) summarise_analysis.Rd:37: Lost braces in \itemize; \value handles \item{}{} directly checkRd: (-1) summarise_analysis.Rd:38: Lost braces in \itemize; \value handles \item{}{} directly checkRd: (-1) summarise_analysis.Rd:39: Lost braces in \itemize; \value handles \item{}{} directly checkRd: (-1) summarise_analysis.Rd:40: Lost braces in \itemize; \value handles \item{}{} directly checkRd: (-1) summarise_analysis.Rd:41: Lost braces in \itemize; \value handles \item{}{} directly checkRd: (-1) summarise_analysis.Rd:42: Lost braces in \itemize; \value handles \item{}{} directly checkRd: (-1) summarise_analysis.Rd:43: Lost braces in \itemize; \value handles \item{}{} directly checkRd: (-1) summarise_analysis.Rd:44: Lost braces in \itemize; \value handles \item{}{} directly checkRd: (-1) summarise_analysis.Rd:45: Lost braces in \itemize; \value handles \item{}{} directly checkRd: (-1) summarise_analysis.Rd:46: Lost braces in \itemize; \value handles \item{}{} directly checkRd: (-1) summarise_analysis.Rd:47: Lost braces in \itemize; \value handles \item{}{} directly checkRd: (-1) summarise_analysis.Rd:48: Lost braces in \itemize; \value handles \item{}{} directly checkRd: (-1) summarise_analysis.Rd:49: Lost braces in \itemize; \value handles \item{}{} directly checkRd: (-1) survfit_fast.Rd:17: Lost braces in \itemize; \value handles \item{}{} directly checkRd: (-1) survfit_fast.Rd:18: Lost braces in \itemize; \value handles \item{}{} directly checkRd: (-1) survfit_fast.Rd:19: Lost braces in \itemize; \value handles \item{}{} directly checkRd: (-1) survfit_fast.Rd:20: Lost braces in \itemize; \value handles \item{}{} directly checkRd: (-1) survfit_fast.Rd:21: Lost braces in \itemize; \value handles \item{}{} directly checkRd: (-1) survfit_fast.Rd:22: Lost braces in \itemize; \value handles \item{}{} directly checkRd: (-1) survfit_fast.Rd:23: Lost braces in \itemize; \value handles \item{}{} directly Flavors: r-devel-linux-x86_64-debian-clang, r-devel-linux-x86_64-debian-gcc, r-devel-linux-x86_64-fedora-clang, r-devel-linux-x86_64-fedora-gcc, r-devel-windows-x86_64, r-patched-linux-x86_64, r-release-linux-x86_64, r-release-macos-arm64, r-release-macos-x86_64, r-release-windows-x86_64