CRAN Package Check Results for Package geofi

Last updated on 2024-07-19 17:54:29 CEST.

Flavor Version Tinstall Tcheck Ttotal Status Flags
r-devel-linux-x86_64-debian-clang 1.0.15 9.69 212.55 222.24 OK
r-devel-linux-x86_64-debian-gcc 1.0.15 7.64 157.87 165.51 OK
r-devel-linux-x86_64-fedora-clang 1.0.15 163.79 NOTE
r-devel-linux-x86_64-fedora-gcc 1.0.15 233.12 NOTE
r-devel-windows-x86_64 1.0.15 12.00 212.00 224.00 OK
r-patched-linux-x86_64 1.0.15 8.09 204.46 212.55 OK
r-release-linux-x86_64 1.0.15 9.12 203.90 213.02 OK
r-release-macos-arm64 1.0.15 114.00 OK
r-release-macos-x86_64 1.0.15 156.00 OK
r-release-windows-x86_64 1.0.15 13.00 201.00 214.00 OK
r-oldrel-macos-arm64 1.0.15 120.00 OK
r-oldrel-macos-x86_64 1.0.15 213.00 OK
r-oldrel-windows-x86_64 1.0.15 15.00 246.00 261.00 OK

Check Details

Version: 1.0.15
Check: data for non-ASCII characters
Result: NOTE Note: found 99755 marked UTF-8 strings Flavors: r-devel-linux-x86_64-fedora-clang, r-devel-linux-x86_64-fedora-gcc