CRAN Package Check Results for Package geodrawr

Last updated on 2024-07-20 16:49:03 CEST.

Flavor Version Tinstall Tcheck Ttotal Status Flags
r-devel-linux-x86_64-debian-clang 2.0.0 5.42 52.28 57.70 NOTE
r-devel-linux-x86_64-debian-gcc 2.0.0 4.56 40.05 44.61 NOTE
r-devel-linux-x86_64-fedora-clang 2.0.0 72.02 NOTE
r-devel-linux-x86_64-fedora-gcc 2.0.0 67.55 NOTE
r-devel-windows-x86_64 2.0.0 8.00 55.00 63.00 NOTE
r-patched-linux-x86_64 2.0.0 4.93 50.17 55.10 NOTE
r-release-linux-x86_64 2.0.0 6.13 50.46 56.59 NOTE
r-release-macos-arm64 2.0.0 24.00 NOTE
r-release-macos-x86_64 2.0.0 36.00 NOTE
r-release-windows-x86_64 2.0.0 6.00 56.00 62.00 NOTE
r-oldrel-macos-arm64 2.0.0 30.00 NOTE
r-oldrel-macos-x86_64 2.0.0 42.00 NOTE
r-oldrel-windows-x86_64 2.0.0 8.00 64.00 72.00 NOTE

Check Details

Version: 2.0.0
Check: LazyData
Result: NOTE 'LazyData' is specified without a 'data' directory Flavors: r-devel-linux-x86_64-debian-clang, r-devel-linux-x86_64-debian-gcc, r-devel-linux-x86_64-fedora-clang, r-devel-linux-x86_64-fedora-gcc, r-devel-windows-x86_64, r-patched-linux-x86_64, r-release-linux-x86_64, r-release-macos-arm64, r-release-macos-x86_64, r-release-windows-x86_64, r-oldrel-macos-arm64, r-oldrel-macos-x86_64, r-oldrel-windows-x86_64