Last updated on 2025-01-21 04:48:25 CET.
Flavor | Version | Tinstall | Tcheck | Ttotal | Status | Flags |
---|---|---|---|---|---|---|
r-devel-linux-x86_64-debian-clang | 1.6.4 | 47.56 | 303.48 | 351.04 | NOTE | |
r-devel-linux-x86_64-debian-gcc | 1.6.4 | 26.57 | 194.26 | 220.83 | NOTE | |
r-devel-linux-x86_64-fedora-clang | 1.6.4 | 571.60 | OK | |||
r-devel-linux-x86_64-fedora-gcc | 1.6.4 | 552.64 | OK | |||
r-devel-windows-x86_64 | 1.6.4 | 40.00 | 234.00 | 274.00 | NOTE | |
r-patched-linux-x86_64 | 1.6.4 | 43.98 | 283.34 | 327.32 | OK | |
r-release-linux-x86_64 | 1.6.4 | 41.51 | 284.90 | 326.41 | OK | |
r-release-macos-arm64 | 1.6.4 | 117.00 | OK | |||
r-release-macos-x86_64 | 1.6.4 | 200.00 | OK | |||
r-release-windows-x86_64 | 1.6.4 | 41.00 | 233.00 | 274.00 | OK | |
r-oldrel-macos-arm64 | 1.6.4 | 115.00 | OK | |||
r-oldrel-macos-x86_64 | 1.6.4 | 384.00 | OK | |||
r-oldrel-windows-x86_64 | 1.6.4 | 52.00 | 315.00 | 367.00 | OK |
Version: 1.6.4
Check: Rd cross-references
Result: NOTE
Found the following Rd file(s) with Rd \link{} targets missing package
anchors:
Transition-classes.Rd: Raster-class
Please provide package anchors for all Rd \link{} targets not in the
package itself and the base packages.
Flavors: r-devel-linux-x86_64-debian-clang, r-devel-linux-x86_64-debian-gcc, r-devel-windows-x86_64