CRAN Package Check Results for Package gcmr

Last updated on 2024-06-19 17:54:29 CEST.

Flavor Version Tinstall Tcheck Ttotal Status Flags
r-devel-linux-x86_64-debian-clang 1.0.3 10.06 81.14 91.20 NOTE
r-devel-linux-x86_64-debian-gcc 1.0.3 7.50 59.33 66.83 NOTE
r-devel-linux-x86_64-fedora-clang 1.0.3 108.98 NOTE
r-devel-linux-x86_64-fedora-gcc 1.0.3 105.14 NOTE
r-devel-windows-x86_64 1.0.3 10.00 80.00 90.00 NOTE
r-patched-linux-x86_64 1.0.3 19.75 76.99 96.74 NOTE
r-release-linux-x86_64 1.0.3 8.71 75.60 84.31 NOTE
r-release-macos-arm64 1.0.3 35.00 NOTE
r-release-macos-x86_64 1.0.3 49.00 NOTE
r-release-windows-x86_64 1.0.3 11.00 81.00 92.00 NOTE
r-oldrel-macos-arm64 1.0.3 37.00 OK
r-oldrel-macos-x86_64 1.0.3 54.00 OK
r-oldrel-windows-x86_64 1.0.3 15.00 93.00 108.00 OK

Check Details

Version: 1.0.3
Check: Rd files
Result: NOTE checkRd: (-1) matern.cormat.Rd:17: Lost braces; missing escapes or markup? 17 | value of the shape parameter of the Matern correlation class. The default {alpha = 0.5} corresponds to an exponential correlation model. | ^ Flavors: r-devel-linux-x86_64-debian-clang, r-devel-linux-x86_64-debian-gcc, r-devel-linux-x86_64-fedora-clang, r-devel-linux-x86_64-fedora-gcc, r-devel-windows-x86_64, r-patched-linux-x86_64, r-release-linux-x86_64, r-release-macos-arm64, r-release-macos-x86_64, r-release-windows-x86_64