CRAN Package Check Results for Package gamboostLSS

Last updated on 2024-06-13 16:49:08 CEST.

Flavor Version Tinstall Tcheck Ttotal Status Flags
r-devel-linux-x86_64-debian-clang 2.0-7 12.96 280.80 293.76 NOTE
r-devel-linux-x86_64-debian-gcc 2.0-7 9.58 204.20 213.78 NOTE
r-devel-linux-x86_64-fedora-clang 2.0-7 362.18 NOTE
r-devel-linux-x86_64-fedora-gcc 2.0-7 367.32 NOTE
r-devel-windows-x86_64 2.0-7 10.00 266.00 276.00 NOTE
r-patched-linux-x86_64 2.0-7 14.65 272.55 287.20 NOTE
r-release-linux-x86_64 2.0-7 12.27 273.64 285.91 NOTE
r-release-macos-arm64 2.0-7 108.00 NOTE
r-release-macos-x86_64 2.0-7 206.00 NOTE
r-release-windows-x86_64 2.0-7 12.00 263.00 275.00 NOTE
r-oldrel-macos-arm64 2.0-7 150.00 OK
r-oldrel-macos-x86_64 2.0-7 245.00 NOTE
r-oldrel-windows-x86_64 2.0-7 14.00 298.00 312.00 OK

Check Details

Version: 2.0-7
Check: Rd files
Result: NOTE checkRd: (-1) stabsel.mboostLSS.Rd:44: Lost braces 44 | always use code{"none"}.} | ^ Flavors: r-devel-linux-x86_64-debian-clang, r-devel-linux-x86_64-debian-gcc, r-devel-linux-x86_64-fedora-clang, r-devel-linux-x86_64-fedora-gcc, r-devel-windows-x86_64, r-patched-linux-x86_64, r-release-linux-x86_64, r-release-macos-arm64, r-release-macos-x86_64, r-release-windows-x86_64

Version: 2.0-7
Check: re-building of vignette outputs
Result: NOTE Error(s) in re-building vignettes: --- re-building ‘gamboostLSS_Tutorial.Rnw’ using Sweave Loading required package: R2BayesX Loading required package: BayesXsrc Loading required package: colorspace Loading required package: mgcv Loading required package: nlme This is mgcv 1.8-42. For overview type 'help("mgcv-package")'. Loading required package: gamboostLSS Loading required package: mboost Loading required package: parallel Loading required package: stabs Attaching package: 'gamboostLSS' The following object is masked from 'package:stats': model.weights Loading required namespace: BayesX Error: processing vignette 'gamboostLSS_Tutorial.Rnw' failed with diagnostics: Running 'texi2dvi' on 'gamboostLSS_Tutorial.tex' failed. LaTeX errors: ! LaTeX Error: File `dsfont.sty' not found. Type X to quit or <RETURN> to proceed, or enter new name. (Default extension: sty) ! Emergency stop. <read *> l.18 ^^M ! ==> Fatal error occurred, no output PDF file produced! --- failed re-building 'gamboostLSS_Tutorial.Rnw' SUMMARY: processing the following file failed: 'gamboostLSS_Tutorial.Rnw' Error: Vignette re-building failed. Execution halted Flavor: r-oldrel-macos-x86_64