CRAN Package Check Results for Package fuzzyjoin

Last updated on 2024-06-24 05:48:14 CEST.

Flavor Version Tinstall Tcheck Ttotal Status Flags
r-devel-linux-x86_64-debian-clang 0.1.6 5.17 138.48 143.65 NOTE
r-devel-linux-x86_64-debian-gcc 0.1.6 4.13 105.73 109.86 NOTE
r-devel-linux-x86_64-fedora-clang 0.1.6 184.73 NOTE
r-devel-linux-x86_64-fedora-gcc 0.1.6 184.73 NOTE
r-devel-windows-x86_64 0.1.6 6.00 116.00 122.00 NOTE
r-patched-linux-x86_64 0.1.6 12.03 131.92 143.95 NOTE
r-release-linux-x86_64 0.1.6 5.64 136.72 142.36 NOTE
r-release-macos-arm64 0.1.6 62.00 NOTE
r-release-macos-x86_64 0.1.6 95.00 NOTE
r-release-windows-x86_64 0.1.6 6.00 117.00 123.00 NOTE
r-oldrel-macos-arm64 0.1.6 67.00 OK
r-oldrel-macos-x86_64 0.1.6 96.00 OK
r-oldrel-windows-x86_64 0.1.6 8.00 136.00 144.00 OK

Additional issues

noSuggests

Check Details

Version: 0.1.6
Check: Rd files
Result: NOTE checkRd: (-1) misspellings.Rd:18: Lost braces 18 | This is a code{tbl_df} mapping misspellings of their words, compiled by | ^ Flavors: r-devel-linux-x86_64-debian-clang, r-devel-linux-x86_64-debian-gcc, r-devel-linux-x86_64-fedora-clang, r-devel-linux-x86_64-fedora-gcc, r-devel-windows-x86_64, r-patched-linux-x86_64, r-release-linux-x86_64, r-release-macos-arm64, r-release-macos-x86_64, r-release-windows-x86_64