CRAN Package Check Results for Package fresh

Last updated on 2024-07-20 04:48:32 CEST.

Flavor Version Tinstall Tcheck Ttotal Status Flags
r-devel-linux-x86_64-debian-clang 0.2.1 6.03 74.57 80.60 OK
r-devel-linux-x86_64-debian-gcc 0.2.1 5.25 57.32 62.57 OK
r-devel-linux-x86_64-fedora-clang 0.2.1 109.36 NOTE
r-devel-linux-x86_64-fedora-gcc 0.2.1 112.91 OK
r-devel-windows-x86_64 0.2.1 12.00 88.00 100.00 OK
r-patched-linux-x86_64 0.2.1 7.81 71.54 79.35 OK
r-release-linux-x86_64 0.2.1 8.02 72.10 80.12 OK
r-release-macos-arm64 0.2.1 50.00 OK
r-release-macos-x86_64 0.2.1 109.00 OK
r-release-windows-x86_64 0.2.1 10.00 86.00 96.00 OK
r-oldrel-macos-arm64 0.2.1 57.00 ERROR
r-oldrel-macos-x86_64 0.2.1 94.00 ERROR
r-oldrel-windows-x86_64 0.2.1 10.00 97.00 107.00 OK

Check Details

Version: 0.2.1
Check: installed package size
Result: NOTE installed size is 5.1Mb sub-directories of 1Mb or more: assets 2.9Mb doc 1.5Mb Flavor: r-devel-linux-x86_64-fedora-clang

Version: 0.2.1
Check: running R code from vignettes
Result: ERROR Errors in running code in vignettes: when running code in ‘fresh.Rmd’ ... > mytheme <- create_theme(theme = "default", bs_vars_navbar(default_bg = "#75b8d1", + default_color = "#FFFFFF", default_link_color = "#FFFFFF", .... [TRUNCATED] > navbarPage(title = "Custom navbar", header = tagList(use_theme(mytheme)), + tabPanel("Tab 1"), tabPanel("Tab 2")) When sourcing ‘fresh.R’: Error: could not find function "navbarPage" Execution halted ‘fresh.Rmd’ using ‘UTF-8’... failed ‘vars-bs4dash.Rmd’ using ‘UTF-8’... [1s/1s] OK ‘vars-shiny.Rmd’ using ‘UTF-8’... [1s/1s] OK ‘vars-shinydashboard.Rmd’ using ‘UTF-8’... [1s/1s] OK Flavor: r-oldrel-macos-arm64

Version: 0.2.1
Check: running R code from vignettes
Result: ERROR Errors in running code in vignettes: when running code in ‘fresh.Rmd’ ... > mytheme <- create_theme(theme = "default", bs_vars_navbar(default_bg = "#75b8d1", + default_color = "#FFFFFF", default_link_color = "#FFFFFF", .... [TRUNCATED] > navbarPage(title = "Custom navbar", header = tagList(use_theme(mytheme)), + tabPanel("Tab 1"), tabPanel("Tab 2")) When sourcing ‘fresh.R’: Error: could not find function "navbarPage" Execution halted ‘fresh.Rmd’ using ‘UTF-8’... failed ‘vars-bs4dash.Rmd’ using ‘UTF-8’... [1s/1s] OK ‘vars-shiny.Rmd’ using ‘UTF-8’... [1s/2s] OK ‘vars-shinydashboard.Rmd’ using ‘UTF-8’... [1s/1s] OK Flavor: r-oldrel-macos-x86_64