CRAN Package Check Results for Package fingerPro

Last updated on 2024-06-13 16:49:07 CEST.

Flavor Version Tinstall Tcheck Ttotal Status Flags
r-devel-linux-x86_64-debian-clang 1.1 46.65 177.76 224.41 OK
r-devel-linux-x86_64-debian-gcc 1.1 0.34 1.83 2.17 ERROR
r-devel-linux-x86_64-fedora-clang 1.1 295.17 NOTE
r-devel-linux-x86_64-fedora-gcc 1.1 282.88 NOTE
r-devel-windows-x86_64 1.1 36.00 138.00 174.00 OK
r-patched-linux-x86_64 1.1 32.50 177.26 209.76 OK
r-release-linux-x86_64 1.1 44.75 177.95 222.70 OK
r-release-macos-arm64 1.1 112.00 OK
r-release-macos-x86_64 1.1 129.00 OK
r-release-windows-x86_64 1.1 37.00 161.00 198.00 OK
r-oldrel-macos-arm64 1.1 84.00 OK
r-oldrel-macos-x86_64 1.1 129.00 OK
r-oldrel-windows-x86_64 1.1 46.00 170.00 216.00 OK

Check Details

Version: 1.1
Check: package dependencies
Result: ERROR Packages required but not available: 'klaR', 'ggplot2', 'GGally', 'Rcmdr', 'car' See section ‘The DESCRIPTION file’ in the ‘Writing R Extensions’ manual. Flavor: r-devel-linux-x86_64-debian-gcc

Version: 1.1
Check: dependencies in R code
Result: NOTE Namespace in Imports field not imported from: ‘RcppProgress’ All declared Imports should be used. Flavors: r-devel-linux-x86_64-fedora-clang, r-devel-linux-x86_64-fedora-gcc