CRAN Package Check Results for Package faoutlier

Last updated on 2024-06-13 16:49:06 CEST.

Flavor Version Tinstall Tcheck Ttotal Status Flags
r-devel-linux-x86_64-debian-clang 0.7.6 10.63 100.14 110.77 NOTE
r-devel-linux-x86_64-debian-gcc 0.7.6 0.26 1.72 1.98 ERROR
r-devel-linux-x86_64-fedora-clang 0.7.6 139.90 NOTE
r-devel-linux-x86_64-fedora-gcc 0.7.6 133.39 NOTE
r-devel-windows-x86_64 0.7.6 11.00 89.00 100.00 NOTE
r-patched-linux-x86_64 0.7.6 12.70 98.32 111.02 NOTE
r-release-linux-x86_64 0.7.6 12.98 94.93 107.91 NOTE
r-release-macos-arm64 0.7.6 42.00 NOTE
r-release-macos-x86_64 0.7.6 58.00 NOTE
r-release-windows-x86_64 0.7.6 12.00 90.00 102.00 NOTE
r-oldrel-macos-arm64 0.7.6 50.00 NOTE
r-oldrel-macos-x86_64 0.7.6 73.00 NOTE
r-oldrel-windows-x86_64 0.7.6 15.00 106.00 121.00 NOTE

Check Details

Version: 0.7.6
Check: package subdirectories
Result: NOTE Problems with news in ‘NEWS.md’: No news entries found. Flavors: r-devel-linux-x86_64-debian-clang, r-devel-linux-x86_64-fedora-clang, r-devel-linux-x86_64-fedora-gcc, r-devel-windows-x86_64, r-patched-linux-x86_64, r-release-linux-x86_64, r-release-macos-arm64, r-release-macos-x86_64, r-release-windows-x86_64, r-oldrel-macos-arm64, r-oldrel-macos-x86_64, r-oldrel-windows-x86_64

Version: 0.7.6
Check: package dependencies
Result: ERROR Package required but not available: ‘sem’ See section ‘The DESCRIPTION file’ in the ‘Writing R Extensions’ manual. Flavor: r-devel-linux-x86_64-debian-gcc