CRAN Package Check Results for Package fabletools

Last updated on 2024-07-22 16:57:13 CEST.

Flavor Version Tinstall Tcheck Ttotal Status Flags
r-devel-linux-x86_64-debian-clang 0.4.2 21.16 224.27 245.43 OK
r-devel-linux-x86_64-debian-gcc 0.4.2 14.73 167.19 181.92 NOTE
r-devel-linux-x86_64-fedora-clang 0.4.2 166.82 OK
r-devel-linux-x86_64-fedora-gcc 0.4.2 295.92 OK
r-devel-windows-x86_64 0.4.2 17.00 174.00 191.00 NOTE
r-patched-linux-x86_64 0.4.2 23.48 216.26 239.74 OK
r-release-linux-x86_64 0.4.2 14.11 214.81 228.92 OK
r-release-macos-arm64 0.4.2 83.00 OK
r-release-macos-x86_64 0.4.2 209.00 OK
r-release-windows-x86_64 0.4.2 16.00 174.00 190.00 OK
r-oldrel-macos-arm64 0.4.2 95.00 OK
r-oldrel-macos-x86_64 0.4.2 214.00 OK
r-oldrel-windows-x86_64 0.4.2 21.00 219.00 240.00 OK

Check Details

Version: 0.4.2
Check: Rd cross-references
Result: NOTE Found the following Rd file(s) with Rd \link{} targets missing package anchors: mable.Rd: !!, !!!, .data, .env Please provide package anchors for all Rd \link{} targets not in the package itself and the base packages. Flavors: r-devel-linux-x86_64-debian-gcc, r-devel-windows-x86_64