CRAN Package Check Results for Package ezmmek

Last updated on 2024-07-12 04:55:56 CEST.

Flavor Version Tinstall Tcheck Ttotal Status Flags
r-devel-linux-x86_64-debian-clang 0.2.4 3.16 50.73 53.89 NOTE
r-devel-linux-x86_64-debian-gcc 0.2.4 1.66 37.98 39.64 NOTE
r-devel-linux-x86_64-fedora-clang 0.2.4 68.65 NOTE
r-devel-linux-x86_64-fedora-gcc 0.2.4 79.31 NOTE
r-devel-windows-x86_64 0.2.4 5.00 58.00 63.00 NOTE
r-patched-linux-x86_64 0.2.4 2.36 47.24 49.60 NOTE
r-release-linux-x86_64 0.2.4 1.86 48.38 50.24 NOTE
r-release-macos-arm64 0.2.4 27.00 NOTE
r-release-macos-x86_64 0.2.4 46.00 NOTE
r-release-windows-x86_64 0.2.4 4.00 57.00 61.00 NOTE
r-oldrel-macos-arm64 0.2.4 29.00 NOTE
r-oldrel-macos-x86_64 0.2.4 41.00 NOTE
r-oldrel-windows-x86_64 0.2.4 5.00 63.00 68.00 NOTE

Check Details

Version: 0.2.4
Check: LazyData
Result: NOTE 'LazyData' is specified without a 'data' directory Flavors: r-devel-linux-x86_64-debian-clang, r-devel-linux-x86_64-debian-gcc, r-devel-linux-x86_64-fedora-clang, r-devel-linux-x86_64-fedora-gcc, r-devel-windows-x86_64, r-patched-linux-x86_64, r-release-linux-x86_64, r-release-macos-arm64, r-release-macos-x86_64, r-release-windows-x86_64, r-oldrel-macos-arm64, r-oldrel-macos-x86_64, r-oldrel-windows-x86_64