CRAN Package Check Results for Package ez

Last updated on 2024-05-19 04:55:40 CEST.

Flavor Version Tinstall Tcheck Ttotal Status Flags
r-devel-linux-x86_64-debian-clang 4.4-0 17.40 148.35 165.75 NOTE
r-devel-linux-x86_64-debian-gcc 4.4-0 14.12 109.80 123.92 NOTE
r-devel-linux-x86_64-fedora-clang 4.4-0 215.93 NOTE
r-devel-linux-x86_64-fedora-gcc 4.4-0 246.84 NOTE
r-devel-windows-x86_64 4.4-0 14.00 124.00 138.00 NOTE
r-patched-linux-x86_64 4.4-0 12.58 143.38 155.96 NOTE
r-release-linux-x86_64 4.4-0 15.50 143.44 158.94 NOTE
r-release-macos-arm64 4.4-0 57.00 NOTE
r-release-windows-x86_64 4.4-0 14.00 120.00 134.00 NOTE
r-oldrel-macos-arm64 4.4-0 62.00 OK
r-oldrel-macos-x86_64 4.4-0 97.00 OK
r-oldrel-windows-x86_64 4.4-0 20.00 154.00 174.00 OK

Check Details

Version: 4.4-0
Check: Rd files
Result: NOTE checkRd: (-1) ez-package.Rd:19: Lost braces in \itemize; meant \describe ? checkRd: (-1) ez-package.Rd:20: Lost braces in \itemize; meant \describe ? checkRd: (-1) ez-package.Rd:21: Lost braces in \itemize; meant \describe ? checkRd: (-1) ez-package.Rd:22: Lost braces in \itemize; meant \describe ? checkRd: (-1) ez-package.Rd:23: Lost braces in \itemize; meant \describe ? checkRd: (-1) ez-package.Rd:24: Lost braces in \itemize; meant \describe ? checkRd: (-1) ez-package.Rd:25: Lost braces in \itemize; meant \describe ? checkRd: (-1) ez-package.Rd:26: Lost braces in \itemize; meant \describe ? checkRd: (-1) ez-package.Rd:27: Lost braces in \itemize; meant \describe ? checkRd: (-1) ez-package.Rd:28: Lost braces in \itemize; meant \describe ? checkRd: (-1) ez-package.Rd:29: Lost braces in \itemize; meant \describe ? checkRd: (-1) ez-package.Rd:30: Lost braces in \itemize; meant \describe ? checkRd: (-1) ez-package.Rd:32: Lost braces in \itemize; meant \describe ? checkRd: (-1) ez-package.Rd:33: Lost braces in \itemize; meant \describe ? Flavors: r-devel-linux-x86_64-debian-clang, r-devel-linux-x86_64-debian-gcc, r-devel-linux-x86_64-fedora-clang, r-devel-linux-x86_64-fedora-gcc, r-devel-windows-x86_64, r-patched-linux-x86_64, r-release-linux-x86_64, r-release-macos-arm64, r-release-windows-x86_64