CRAN Package Check Results for Package eyetrackingR

Last updated on 2024-06-13 04:52:23 CEST.

Flavor Version Tinstall Tcheck Ttotal Status Flags
r-devel-linux-x86_64-debian-clang 0.2.1 9.69 504.36 514.05 OK
r-devel-linux-x86_64-debian-gcc 0.2.1 0.40 1.77 2.17 ERROR
r-devel-linux-x86_64-fedora-clang 0.2.1 642.17 NOTE
r-devel-linux-x86_64-fedora-gcc 0.2.1 593.57 NOTE
r-devel-windows-x86_64 0.2.1 9.00 318.00 327.00 NOTE
r-patched-linux-x86_64 0.2.1 6.95 480.47 487.42 OK
r-release-linux-x86_64 0.2.1 6.45 485.81 492.26 OK
r-release-macos-arm64 0.2.1 165.00 OK
r-release-macos-x86_64 0.2.1 256.00 OK
r-release-windows-x86_64 0.2.1 9.00 324.00 333.00 NOTE
r-oldrel-macos-arm64 0.2.1 171.00 OK
r-oldrel-macos-x86_64 0.2.1 493.00 OK
r-oldrel-windows-x86_64 0.2.1 12.00 438.00 450.00 NOTE

Check Details

Version: 0.2.1
Check: package dependencies
Result: ERROR Packages required but not available: 'dplyr', 'broom', 'broom.mixed', 'ggplot2', 'tidyr', 'purrr' Packages suggested but not available for checking: 'lme4', 'glmmTMB', 'testthat' See section ‘The DESCRIPTION file’ in the ‘Writing R Extensions’ manual. Flavor: r-devel-linux-x86_64-debian-gcc

Version: 0.2.1
Check: dependencies in R code
Result: NOTE Namespace in Imports field not imported from: ‘rlang’ All declared Imports should be used. Flavors: r-devel-linux-x86_64-fedora-clang, r-devel-linux-x86_64-fedora-gcc

Version: 0.2.1
Check: package dependencies
Result: NOTE Package suggested but not available for checking: 'doMC' Flavors: r-devel-windows-x86_64, r-release-windows-x86_64, r-oldrel-windows-x86_64