CRAN Package Check Results for Package extraDistr

Last updated on 2024-06-13 16:49:06 CEST.

Flavor Version Tinstall Tcheck Ttotal Status Flags
r-devel-linux-x86_64-debian-clang 1.10.0 551.49 98.23 649.72 OK
r-devel-linux-x86_64-debian-gcc 1.10.0 329.05 58.19 387.24 ERROR
r-devel-linux-x86_64-fedora-clang 1.10.0 1001.88 OK
r-devel-linux-x86_64-fedora-gcc 1.10.0 960.31 OK
r-devel-windows-x86_64 1.10.0 373.00 132.00 505.00 OK
r-patched-linux-x86_64 1.10.0 428.38 92.92 521.30 OK
r-release-linux-x86_64 1.10.0 440.00 92.24 532.24 OK
r-release-macos-arm64 1.10.0 144.00 NOTE
r-release-macos-x86_64 1.10.0 133.00 NOTE
r-release-windows-x86_64 1.10.0 377.00 136.00 513.00 OK
r-oldrel-macos-arm64 1.10.0 171.00 NOTE
r-oldrel-macos-x86_64 1.10.0 193.00 NOTE
r-oldrel-windows-x86_64 1.10.0 382.00 159.00 541.00 OK

Check Details

Version: 1.10.0
Check: package dependencies
Result: NOTE Package suggested but not available for checking: ‘testthat’ Flavor: r-devel-linux-x86_64-debian-gcc

Version: 1.10.0
Check: tests
Result: ERROR Running ‘testthat.R’ [0s/1s] Running the tests in ‘tests/testthat.R’ failed. Complete output: > library(testthat) Error in library(testthat) : there is no package called 'testthat' Execution halted Flavor: r-devel-linux-x86_64-debian-gcc

Version: 1.10.0
Check: installed package size
Result: NOTE installed size is 12.1Mb sub-directories of 1Mb or more: libs 11.4Mb Flavors: r-release-macos-arm64, r-release-macos-x86_64, r-oldrel-macos-arm64, r-oldrel-macos-x86_64