CRAN Package Check Results for Package evolMap

Last updated on 2024-07-16 16:52:49 CEST.

Flavor Version Tinstall Tcheck Ttotal Status Flags
r-devel-linux-x86_64-debian-clang 1.2.33 3.88 36.04 39.92 OK
r-devel-linux-x86_64-debian-gcc 1.2.33 2.84 27.15 29.99 OK
r-devel-linux-x86_64-fedora-clang 1.2.33 49.43 NOTE
r-devel-linux-x86_64-fedora-gcc 1.2.33 48.19 NOTE
r-devel-windows-x86_64 1.2.33 4.00 56.00 60.00 OK
r-patched-linux-x86_64 1.2.33 2.80 34.06 36.86 OK
r-release-linux-x86_64 1.2.33 3.20 34.14 37.34 OK
r-release-macos-arm64 1.2.33 25.00 OK
r-release-macos-x86_64 1.2.33 33.00 OK
r-release-windows-x86_64 1.2.33 4.00 57.00 61.00 OK
r-oldrel-macos-arm64 1.2.33 24.00 OK
r-oldrel-macos-x86_64 1.2.33 32.00 OK
r-oldrel-windows-x86_64 1.2.33 6.00 57.00 63.00 OK

Check Details

Version: 1.2.33
Check: data for non-ASCII characters
Result: NOTE Note: found 10 marked UTF-8 strings Flavors: r-devel-linux-x86_64-fedora-clang, r-devel-linux-x86_64-fedora-gcc