CRAN Package Check Results for Package estimatr

Last updated on 2024-06-14 05:00:16 CEST.

Flavor Version Tinstall Tcheck Ttotal Status Flags
r-devel-linux-x86_64-debian-clang 1.0.4 126.12 158.89 285.01 NOTE
r-devel-linux-x86_64-debian-gcc 1.0.4 94.85 90.94 185.79 ERROR
r-devel-linux-x86_64-fedora-clang 1.0.4 366.03 OK
r-devel-linux-x86_64-fedora-gcc 1.0.4 404.55 OK
r-devel-windows-x86_64 1.0.4 83.00 142.00 225.00 OK
r-patched-linux-x86_64 1.0.4 112.41 162.00 274.41 NOTE
r-release-linux-x86_64 1.0.4 114.69 161.50 276.19 NOTE
r-release-macos-arm64 1.0.4 82.00 NOTE
r-release-macos-x86_64 1.0.4 131.00 NOTE
r-release-windows-x86_64 1.0.4 90.00 147.00 237.00 OK
r-oldrel-macos-arm64 1.0.4 111.00 NOTE
r-oldrel-macos-x86_64 1.0.4 303.00 NOTE
r-oldrel-windows-x86_64 1.0.4 116.00 187.00 303.00 OK

Check Details

Version: 1.0.4
Check: package dependencies
Result: NOTE Packages suggested but not available for checking: 'margins', 'prediction' Flavors: r-devel-linux-x86_64-debian-clang, r-release-linux-x86_64

Version: 1.0.4
Check: Rd cross-references
Result: NOTE Unknown package ‘margins’ in Rd xrefs Flavors: r-devel-linux-x86_64-debian-clang, r-devel-linux-x86_64-debian-gcc, r-patched-linux-x86_64, r-release-linux-x86_64

Version: 1.0.4
Check: package dependencies
Result: NOTE Packages suggested but not available for checking: 'AER', 'margins', 'testthat', 'car' Flavor: r-devel-linux-x86_64-debian-gcc

Version: 1.0.4
Check: examples
Result: ERROR Running examples in ‘estimatr-Ex.R’ failed The error most likely occurred in: > base::assign(".ptime", proc.time(), pos = "CheckExEnv") > ### Name: lh_robust > ### Title: Linear Hypothesis for Ordinary Least Squares with Robust > ### Standard Errors > ### Aliases: lh_robust > > ### ** Examples > > > library(fabricatr) > dat <- fabricate( + N = 40, + y = rpois(N, lambda = 4), + x = rnorm(N), + z = rbinom(N, 1, prob = 0.4), + clusterID = sample(1:4, 40, replace = TRUE) + ) > > # Default variance estimator is HC2 robust standard errors > lhro <- lh_robust(y ~ x + z, data = dat, linear_hypothesis = "z + 2x = 0") Loading required namespace: car Failed with error: ‘there is no package called ‘car’’ Error in loadNamespace(x) : there is no package called ‘car’ Calls: lh_robust ... loadNamespace -> withRestarts -> withOneRestart -> doWithOneRestart Execution halted Flavor: r-devel-linux-x86_64-debian-gcc

Version: 1.0.4
Check: tests
Result: ERROR Running ‘sleep.R’ [1s/1s] Comparing ‘sleep.Rout’ to ‘sleep.Rout.save’ ... OK Running ‘testthat.R’ [0s/1s] Running the tests in ‘tests/testthat.R’ failed. Complete output: > library(testthat) Error in library(testthat) : there is no package called 'testthat' Execution halted Flavor: r-devel-linux-x86_64-debian-gcc

Version: 1.0.4
Check: package dependencies
Result: NOTE Package suggested but not available for checking: ‘margins’ Flavor: r-patched-linux-x86_64

Version: 1.0.4
Check: installed package size
Result: NOTE installed size is 39.9Mb sub-directories of 1Mb or more: libs 39.5Mb Flavors: r-release-macos-arm64, r-release-macos-x86_64, r-oldrel-macos-arm64, r-oldrel-macos-x86_64