Last updated on 2025-01-15 04:48:50 CET.
Flavor | Version | Tinstall | Tcheck | Ttotal | Status | Flags |
---|---|---|---|---|---|---|
r-devel-linux-x86_64-debian-clang | 1.0.4 | 77.64 | 121.75 | 199.39 | OK | |
r-devel-linux-x86_64-debian-gcc | 1.0.4 | 63.39 | 88.96 | 152.35 | OK | |
r-devel-linux-x86_64-fedora-clang | 1.0.4 | 350.01 | OK | |||
r-devel-linux-x86_64-fedora-gcc | 1.0.4 | 394.01 | OK | |||
r-devel-windows-x86_64 | 1.0.4 | 76.00 | 149.00 | 225.00 | OK | |
r-patched-linux-x86_64 | 1.0.4 | 84.87 | 123.07 | 207.94 | OK | |
r-release-linux-x86_64 | 1.0.4 | 87.31 | 123.72 | 211.03 | OK | |
r-release-macos-arm64 | 1.0.4 | 82.00 | NOTE | |||
r-release-macos-x86_64 | 1.0.4 | 131.00 | NOTE | |||
r-release-windows-x86_64 | 1.0.4 | 76.00 | 148.00 | 224.00 | OK | |
r-oldrel-macos-arm64 | 1.0.4 | 111.00 | NOTE | |||
r-oldrel-macos-x86_64 | 1.0.4 | 303.00 | NOTE | |||
r-oldrel-windows-x86_64 | 1.0.4 | 98.00 | 187.00 | 285.00 | OK |
Version: 1.0.4
Check: installed package size
Result: NOTE
installed size is 39.9Mb
sub-directories of 1Mb or more:
libs 39.5Mb
Flavors: r-release-macos-arm64, r-release-macos-x86_64, r-oldrel-macos-arm64, r-oldrel-macos-x86_64