CRAN Package Check Results for Package embed

Last updated on 2024-06-14 05:00:15 CEST.

Flavor Version Tinstall Tcheck Ttotal Status Flags
r-devel-linux-x86_64-debian-clang 1.1.4 14.94 231.89 246.83 OK
r-devel-linux-x86_64-debian-gcc 1.1.4 0.45 1.59 2.04 ERROR
r-devel-linux-x86_64-fedora-clang 1.1.4 318.58 NOTE
r-devel-linux-x86_64-fedora-gcc 1.1.4 289.50 OK
r-devel-windows-x86_64 1.1.4 14.00 253.00 267.00 OK
r-patched-linux-x86_64 1.1.4 22.48 232.13 254.61 OK
r-release-linux-x86_64 1.1.4 11.58 227.46 239.04 OK
r-release-macos-arm64 1.1.4 82.00 OK
r-release-macos-x86_64 1.1.4 193.00 OK
r-release-windows-x86_64 1.1.4 15.00 257.00 272.00 OK
r-oldrel-macos-arm64 1.1.4 86.00 OK
r-oldrel-macos-x86_64 1.1.4 233.00 OK
r-oldrel-windows-x86_64 1.1.4 21.00 269.00 290.00 OK

Check Details

Version: 1.1.4
Check: package dependencies
Result: ERROR Packages required but not available: 'recipes', 'dplyr', 'purrr', 'rsample', 'tibble', 'tidyr', 'vctrs' Packages suggested but not available for checking: 'dials', 'ggplot2', 'hardhat', 'keras', 'lme4', 'modeldata', 'rstanarm', 'tensorflow', 'testthat' See section ‘The DESCRIPTION file’ in the ‘Writing R Extensions’ manual. Flavor: r-devel-linux-x86_64-debian-gcc

Version: 1.1.4
Check: Rd cross-references
Result: NOTE Undeclared package ‘textrecipes’ in Rd xrefs Flavor: r-devel-linux-x86_64-fedora-clang