CRAN Package Check Results for Package ec50estimator

Last updated on 2024-06-13 16:49:05 CEST.

Flavor Version Tinstall Tcheck Ttotal Status Flags
r-devel-linux-x86_64-debian-clang 0.1.0 2.59 46.48 49.07 OK
r-devel-linux-x86_64-debian-gcc 0.1.0 0.30 1.74 2.04 ERROR
r-devel-linux-x86_64-fedora-clang 0.1.0 64.07 OK
r-devel-linux-x86_64-fedora-gcc 0.1.0 72.58 OK
r-devel-windows-x86_64 0.1.0 4.00 55.00 59.00 OK
r-patched-linux-x86_64 0.1.0 2.46 46.28 48.74 OK
r-release-linux-x86_64 0.1.0 2.38 46.25 48.63 OK
r-release-macos-arm64 0.1.0 29.00 OK
r-release-macos-x86_64 0.1.0 42.00 OK
r-release-windows-x86_64 0.1.0 4.00 56.00 60.00 OK
r-oldrel-macos-arm64 0.1.0 31.00 OK
r-oldrel-macos-x86_64 0.1.0 42.00 OK
r-oldrel-windows-x86_64 0.1.0 4.00 60.00 64.00 OK

Check Details

Version: 0.1.0
Check: package dependencies
Result: ERROR Packages required but not available: 'dplyr', 'tidyr', 'tibble', 'drc' Packages suggested but not available for checking: 'ggplot2', 'ggridges', 'cowplot' See section ‘The DESCRIPTION file’ in the ‘Writing R Extensions’ manual. Flavor: r-devel-linux-x86_64-debian-gcc