CRAN Package Check Results for Package eHOF

Last updated on 2024-07-19 17:54:28 CEST.

Flavor Version Tinstall Tcheck Ttotal Status Flags
r-devel-linux-x86_64-debian-clang 1.15 7.48 107.56 115.04 OK
r-devel-linux-x86_64-debian-gcc 1.15 7.45 83.12 90.57 OK
r-devel-linux-x86_64-fedora-clang 1.15 147.05 OK
r-devel-linux-x86_64-fedora-gcc 1.15 153.01 OK
r-devel-windows-x86_64 1.15 9.00 111.00 120.00 OK
r-patched-linux-x86_64 1.15 8.01 102.57 110.58 OK
r-release-linux-x86_64 1.15 7.57 102.07 109.64 OK
r-release-macos-arm64 1.15 55.00 ERROR
r-release-macos-x86_64 1.15 83.00 WARN
r-release-windows-x86_64 1.15 9.00 110.00 119.00 OK
r-oldrel-macos-arm64 1.15 59.00 OK
r-oldrel-macos-x86_64 1.15 136.00 OK
r-oldrel-windows-x86_64 1.15 12.00 122.00 134.00 OK

Check Details

Version: 1.15
Check: re-building of vignette outputs
Result: ERROR Error(s) in re-building vignettes: ... --- re-building ‘eHOF.Rnw’ using knitr Quitting from lines 57-67 [4site.echo] (eHOF.Rnw) Error: processing vignette 'eHOF.Rnw' failed with diagnostics: Timeout was reached: [germansl.infinitenature.org] Resolving timed out after 10007 milliseconds --- failed re-building ‘eHOF.Rnw’ SUMMARY: processing the following file failed: ‘eHOF.Rnw’ Error: Vignette re-building failed. Execution halted Flavor: r-release-macos-arm64

Version: 1.15
Check: re-building of vignette outputs
Result: WARN Error(s) in re-building vignettes: ... --- re-building ‘eHOF.Rnw’ using knitr Error: processing vignette 'eHOF.Rnw' failed with diagnostics: Running 'texi2dvi' on 'eHOF.tex' failed. LaTeX errors: ! Undefined control sequence. l.86 \hlkwd{library}\hldef {(eHOF)} ? ! Emergency stop. ! Emergency stop. l.86 End of file on the terminal! ! ==> Fatal error occurred, no output PDF file produced! --- failed re-building ‘eHOF.Rnw’ SUMMARY: processing the following file failed: ‘eHOF.Rnw’ Error: Vignette re-building failed. Execution halted Flavor: r-release-macos-x86_64