CRAN Package Check Results for Package dyngen

Last updated on 2025-06-17 17:57:06 CEST.

Flavor Version Tinstall Tcheck Ttotal Status Flags
r-devel-linux-x86_64-debian-clang 1.0.5 20.99 222.37 243.36 NOTE
r-devel-linux-x86_64-debian-gcc 1.0.5 13.67 138.20 151.87 NOTE
r-devel-linux-x86_64-fedora-clang 1.0.5 359.84 NOTE
r-devel-linux-x86_64-fedora-gcc 1.0.5 400.10 NOTE
r-devel-windows-x86_64 1.0.5 21.00 204.00 225.00 NOTE
r-patched-linux-x86_64 1.0.5 19.97 196.93 216.90 NOTE
r-release-linux-x86_64 1.0.5 20.39 194.08 214.47 NOTE
r-release-macos-arm64 1.0.5 108.00 NOTE
r-release-macos-x86_64 1.0.5 193.00 NOTE
r-release-windows-x86_64 1.0.5 23.00 198.00 221.00 NOTE
r-oldrel-macos-arm64 1.0.5 97.00 NOTE
r-oldrel-macos-x86_64 1.0.5 152.00 NOTE
r-oldrel-windows-x86_64 1.0.5 29.00 264.00 293.00 NOTE

Check Details

Version: 1.0.5
Check: CRAN incoming feasibility
Result: NOTE Maintainer: ‘Robrecht Cannoodt <rcannood@gmail.com>’ Package CITATION file contains call(s) to old-style citEntry(). Please use bibentry() instead. Flavors: r-devel-linux-x86_64-debian-clang, r-devel-linux-x86_64-debian-gcc

Version: 1.0.5
Check: Rd files
Result: NOTE checkRd: (-1) generate_kinetics.Rd:57: Lost braces; missing escapes or markup? 57 | By default, sampled from {-1, 1} with probabilities {.25, .75}. | ^ checkRd: (-1) generate_kinetics.Rd:57: Lost braces; missing escapes or markup? 57 | By default, sampled from {-1, 1} with probabilities {.25, .75}. | ^ Flavors: r-devel-linux-x86_64-debian-clang, r-devel-linux-x86_64-debian-gcc, r-devel-linux-x86_64-fedora-clang, r-devel-linux-x86_64-fedora-gcc, r-devel-windows-x86_64, r-patched-linux-x86_64, r-release-linux-x86_64, r-release-macos-arm64, r-release-macos-x86_64, r-release-windows-x86_64, r-oldrel-macos-arm64, r-oldrel-macos-x86_64, r-oldrel-windows-x86_64