CRAN Package Check Results for Package dyncomp

Last updated on 2024-07-24 16:53:46 CEST.

Flavor Version Tinstall Tcheck Ttotal Status Flags
r-devel-linux-x86_64-debian-clang 0.0.2-1 2.22 22.71 24.93 NOTE
r-devel-linux-x86_64-debian-gcc 0.0.2-1 1.70 17.49 19.19 NOTE
r-devel-linux-x86_64-fedora-clang 0.0.2-1 31.46 NOTE
r-devel-linux-x86_64-fedora-gcc 0.0.2-1 29.92 NOTE
r-devel-windows-x86_64 0.0.2-1 3.00 40.00 43.00 NOTE
r-patched-linux-x86_64 0.0.2-1 1.89 21.75 23.64 NOTE
r-release-linux-x86_64 0.0.2-1 2.13 21.73 23.86 NOTE
r-release-macos-arm64 0.0.2-1 14.00 NOTE
r-release-macos-x86_64 0.0.2-1 20.00 NOTE
r-release-windows-x86_64 0.0.2-1 3.00 39.00 42.00 NOTE
r-oldrel-macos-arm64 0.0.2-1 15.00 NOTE
r-oldrel-macos-x86_64 0.0.2-1 19.00 NOTE
r-oldrel-windows-x86_64 0.0.2-1 3.00 41.00 44.00 NOTE

Check Details

Version: 0.0.2-1
Check: LazyData
Result: NOTE 'LazyData' is specified without a 'data' directory Flavors: r-devel-linux-x86_64-debian-clang, r-devel-linux-x86_64-debian-gcc, r-devel-linux-x86_64-fedora-clang, r-devel-linux-x86_64-fedora-gcc, r-devel-windows-x86_64, r-patched-linux-x86_64, r-release-linux-x86_64, r-release-macos-arm64, r-release-macos-x86_64, r-release-windows-x86_64, r-oldrel-macos-arm64, r-oldrel-macos-x86_64, r-oldrel-windows-x86_64