CRAN Package Check Results for Package dynamite

Last updated on 2024-06-13 04:52:22 CEST.

Flavor Version Tinstall Tcheck Ttotal Status Flags
r-devel-linux-x86_64-debian-clang 1.5.2 57.89 810.26 868.15 NOTE
r-devel-linux-x86_64-debian-gcc 1.5.2 0.67 1.71 2.38 ERROR
r-devel-linux-x86_64-fedora-clang 1.5.2 893.16 NOTE
r-devel-linux-x86_64-fedora-gcc 1.5.2 1117.40 NOTE
r-devel-windows-x86_64 1.5.2 53.00 510.00 563.00 NOTE
r-patched-linux-x86_64 1.5.2 57.11 779.13 836.24 NOTE
r-release-linux-x86_64 1.5.2 46.36 785.31 831.67 NOTE
r-release-macos-arm64 1.5.2 267.00 NOTE
r-release-macos-x86_64 1.5.2 718.00 NOTE
r-release-windows-x86_64 1.5.2 52.00 517.00 569.00 NOTE
r-oldrel-macos-arm64 1.5.2 388.00 NOTE
r-oldrel-macos-x86_64 1.5.2 1065.00 NOTE
r-oldrel-windows-x86_64 1.5.2 64.00 668.00 732.00 NOTE

Check Details

Version: 1.5.2
Check: package dependencies
Result: NOTE Package suggested but not available for checking: ‘cmdstanr’ Flavors: r-devel-linux-x86_64-debian-clang, r-devel-linux-x86_64-fedora-clang, r-devel-linux-x86_64-fedora-gcc, r-devel-windows-x86_64, r-patched-linux-x86_64, r-release-linux-x86_64, r-release-macos-arm64, r-release-macos-x86_64, r-release-windows-x86_64, r-oldrel-macos-arm64, r-oldrel-macos-x86_64, r-oldrel-windows-x86_64

Version: 1.5.2
Check: Rd cross-references
Result: NOTE Package unavailable to check Rd xrefs: ‘cmdstanr’ Flavors: r-devel-linux-x86_64-debian-clang, r-devel-linux-x86_64-fedora-clang, r-devel-linux-x86_64-fedora-gcc, r-devel-windows-x86_64, r-patched-linux-x86_64, r-release-linux-x86_64, r-release-macos-arm64, r-release-macos-x86_64, r-release-windows-x86_64, r-oldrel-macos-arm64, r-oldrel-macos-x86_64, r-oldrel-windows-x86_64

Version: 1.5.2
Check: package dependencies
Result: ERROR Packages required but not available: 'ggforce', 'ggplot2', 'loo', 'patchwork', 'posterior', 'rstan', 'tibble' Packages suggested but not available for checking: 'cmdstanr', 'dplyr', 'mice', 'testthat', 'tidyr' See section ‘The DESCRIPTION file’ in the ‘Writing R Extensions’ manual. Flavor: r-devel-linux-x86_64-debian-gcc

Version: 1.5.2
Check: installed package size
Result: NOTE installed size is 13.4Mb sub-directories of 1Mb or more: R 3.5Mb data 9.3Mb Flavors: r-devel-linux-x86_64-fedora-clang, r-devel-windows-x86_64, r-release-macos-arm64, r-release-macos-x86_64, r-release-windows-x86_64, r-oldrel-macos-arm64, r-oldrel-macos-x86_64, r-oldrel-windows-x86_64