CRAN Package Check Results for Package dsims

Last updated on 2024-07-23 04:57:36 CEST.

Flavor Version Tinstall Tcheck Ttotal Status Flags
r-devel-linux-x86_64-debian-clang 1.0.4 16.50 337.83 354.33 OK
r-devel-linux-x86_64-debian-gcc 1.0.4 15.46 253.15 268.61 NOTE
r-devel-linux-x86_64-fedora-clang 1.0.4 447.31 OK
r-devel-linux-x86_64-fedora-gcc 1.0.4 442.30 OK
r-devel-windows-x86_64 1.0.4 18.00 273.00 291.00 NOTE
r-patched-linux-x86_64 1.0.4 23.14 326.91 350.05 OK
r-release-linux-x86_64 1.0.4 14.70 339.65 354.35 OK
r-release-macos-arm64 1.0.4 129.00 OK
r-release-macos-x86_64 1.0.4 188.00 OK
r-release-windows-x86_64 1.0.4 18.00 267.00 285.00 OK
r-oldrel-macos-arm64 1.0.4 127.00 OK
r-oldrel-macos-x86_64 1.0.4 354.00 OK
r-oldrel-windows-x86_64 1.0.4 23.00 348.00 371.00 OK

Check Details

Version: 1.0.4
Check: Rd cross-references
Result: NOTE Found the following Rd file(s) with Rd \link{} targets missing package anchors: Survey.LT-class.Rd: make.design Survey.PT-class.Rd: make.design dsims-package.Rd: make.region, make.design make.density.Rd: make.region make.ds.analysis.Rd: ds make.population.description.Rd: make.region make.simulation.Rd: make.design, make.region Please provide package anchors for all Rd \link{} targets not in the package itself and the base packages. Flavors: r-devel-linux-x86_64-debian-gcc, r-devel-windows-x86_64