CRAN Package Check Results for Package dsb

Last updated on 2024-07-20 04:48:30 CEST.

Flavor Version Tinstall Tcheck Ttotal Status Flags
r-devel-linux-x86_64-debian-clang 1.0.4 3.68 167.49 171.17 OK
r-devel-linux-x86_64-debian-gcc 1.0.4 3.37 124.81 128.18 OK
r-devel-linux-x86_64-fedora-clang 1.0.4 215.26 OK
r-devel-linux-x86_64-fedora-gcc 1.0.4 219.35 OK
r-devel-windows-x86_64 1.0.4 5.00 154.00 159.00 OK
r-patched-linux-x86_64 1.0.4 4.26 165.22 169.48 OK
r-release-linux-x86_64 1.0.4 3.12 164.04 167.16 OK
r-release-macos-arm64 1.0.4 94.00 OK
r-release-macos-x86_64 1.0.4 236.00 OK
r-release-windows-x86_64 1.0.4 6.00 156.00 162.00 OK
r-oldrel-macos-arm64 1.0.4 100.00 ERROR
r-oldrel-macos-x86_64 1.0.4 401.00 ERROR
r-oldrel-windows-x86_64 1.0.4 5.00 180.00 185.00 OK

Check Details

Version: 1.0.4
Check: running R code from vignettes
Result: ERROR Errors in running code in vignettes: when running code in ‘end_to_end_workflow.rmd’ ... > knitr::opts_chunk$set(collapse = TRUE, comment = "#>", + eval = FALSE, out.width = "100%") > DefaultAssay(s) = "RNA" When sourcing ‘end_to_end_workflow.R’: Error: object 's' not found Execution halted ‘additional_topics.Rmd’ using ‘UTF-8’... [1s/1s] OK ‘end_to_end_workflow.rmd’ using ‘UTF-8’... failed ‘no_empty_drops.Rmd’ using ‘UTF-8’... [9s/10s] OK ‘understanding_dsb.Rmd’ using ‘UTF-8’... [15s/16s] OK Flavor: r-oldrel-macos-arm64

Version: 1.0.4
Check: running R code from vignettes
Result: ERROR Errors in running code in vignettes: when running code in ‘end_to_end_workflow.rmd’ ... > knitr::opts_chunk$set(collapse = TRUE, comment = "#>", + eval = FALSE, out.width = "100%") > DefaultAssay(s) = "RNA" When sourcing ‘end_to_end_workflow.R’: Error: object 's' not found Execution halted ‘additional_topics.Rmd’ using ‘UTF-8’... [1s/3s] OK ‘end_to_end_workflow.rmd’ using ‘UTF-8’... failed ‘no_empty_drops.Rmd’ using ‘UTF-8’... [16s/48s] OK ‘understanding_dsb.Rmd’ using ‘UTF-8’... [25s/78s] OK Flavor: r-oldrel-macos-x86_64