CRAN Package Check Results for Package doBy

Last updated on 2024-06-14 05:00:14 CEST.

Flavor Version Tinstall Tcheck Ttotal Status Flags
r-devel-linux-x86_64-debian-clang 4.6.21 29.29 197.84 227.13 OK
r-devel-linux-x86_64-debian-gcc 4.6.21 0.77 1.78 2.55 ERROR
r-devel-linux-x86_64-fedora-clang 4.6.21 284.87 OK
r-devel-linux-x86_64-fedora-gcc 4.6.21 276.34 OK
r-devel-windows-x86_64 4.6.21 24.00 196.00 220.00 OK
r-patched-linux-x86_64 4.6.21 22.07 187.95 210.02 OK
r-release-linux-x86_64 4.6.21 22.34 187.90 210.24 OK
r-release-macos-arm64 4.6.21 90.00 NOTE
r-release-macos-x86_64 4.6.21 140.00 WARN
r-release-windows-x86_64 4.6.21 23.00 196.00 219.00 OK
r-oldrel-macos-arm64 4.6.21 98.00 NOTE
r-oldrel-macos-x86_64 4.6.21 228.00 NOTE
r-oldrel-windows-x86_64 4.6.21 32.00 236.00 268.00 OK

Check Details

Version: 4.6.21
Check: package dependencies
Result: ERROR Packages required but not available: 'broom', 'cowplot', 'dplyr', 'ggplot2', 'modelr', 'pbkrtest', 'tibble', 'tidyr' Packages suggested but not available for checking: 'geepack', 'lme4', 'testthat' See section ‘The DESCRIPTION file’ in the ‘Writing R Extensions’ manual. Flavor: r-devel-linux-x86_64-debian-gcc

Version: 4.6.21
Check: installed package size
Result: NOTE installed size is 5.7Mb sub-directories of 1Mb or more: data 4.7Mb Flavors: r-release-macos-arm64, r-release-macos-x86_64, r-oldrel-macos-arm64, r-oldrel-macos-x86_64

Version: 4.6.21
Check: re-building of vignette outputs
Result: WARN Error(s) in re-building vignettes: --- re-building ‘doby.rnw’ using knitr Error: processing vignette 'doby.rnw' failed with diagnostics: Running 'texi2dvi' on 'doby.tex' failed. LaTeX errors: ! Undefined control sequence. l.140 \hldef {> }\hlkwd{head}\hldef{(mtcars)} ? ! Emergency stop. ! Emergency stop. l.140 End of file on the terminal! ! ==> Fatal error occurred, no output PDF file produced! --- failed re-building ‘doby.rnw’ --- re-building ‘linest_lsmeans.rnw’ using knitr Error: processing vignette 'linest_lsmeans.rnw' failed with diagnostics: Running 'texi2dvi' on 'linest_lsmeans.tex' failed. LaTeX errors: ! Undefined control sequence. l.159 \hldef {> }\hlkwd{lm}\hldef{( y} \hlopt{~} \hldef{treat} \hlopt{+} \hld... ? ! Emergency stop. l.159 End of file on the terminal! ! ==> Fatal error occurred, no output PDF file produced! --- failed re-building ‘linest_lsmeans.rnw’ --- re-building ‘model_stability.rmd’ using knitr --- finished re-building ‘model_stability.rmd’ --- re-building ‘section_fun.rmd’ using knitr --- finished re-building ‘section_fun.rmd’ SUMMARY: processing the following files failed: ‘doby.rnw’ ‘linest_lsmeans.rnw’ Error: Vignette re-building failed. Execution halted Flavor: r-release-macos-x86_64