CRAN Package Check Results for Package dm

Last updated on 2024-07-23 04:57:35 CEST.

Flavor Version Tinstall Tcheck Ttotal Status Flags
r-devel-linux-x86_64-debian-clang 1.0.10 18.18 449.84 468.02 OK
r-devel-linux-x86_64-debian-gcc 1.0.10 14.13 323.24 337.37 NOTE
r-devel-linux-x86_64-fedora-clang 1.0.10 586.23 OK
r-devel-linux-x86_64-fedora-gcc 1.0.10 562.96 OK
r-devel-windows-x86_64 1.0.10 21.00 259.00 280.00 NOTE
r-patched-linux-x86_64 1.0.10 24.76 418.60 443.36 OK
r-release-linux-x86_64 1.0.10 12.67 418.45 431.12 OK
r-release-macos-arm64 1.0.10 141.00 OK
r-release-macos-x86_64 1.0.10 240.00 OK
r-release-windows-x86_64 1.0.10 20.00 262.00 282.00 OK
r-oldrel-macos-arm64 1.0.10 149.00 OK
r-oldrel-macos-x86_64 1.0.10 307.00 OK
r-oldrel-windows-x86_64 1.0.10 26.00 328.00 354.00 OK

Check Details

Version: 1.0.10
Check: Rd cross-references
Result: NOTE Found the following Rd file(s) with Rd \link{} targets missing package anchors: dm_examine_cardinalities.Rd: as_tibble dm_examine_constraints.Rd: as_tibble dm_from_con.Rd: src dm_zoom_to.Rd: nest_join json_nest.Rd: tidyr_tidy_select json_pack.Rd: tidyr_tidy_select Please provide package anchors for all Rd \link{} targets not in the package itself and the base packages. Flavors: r-devel-linux-x86_64-debian-gcc, r-devel-windows-x86_64