CRAN Package Check Results for Package diverge

Last updated on 2024-07-21 04:53:19 CEST.

Flavor Version Tinstall Tcheck Ttotal Status Flags
r-devel-linux-x86_64-debian-clang 2.0.6 7.03 57.20 64.23 OK
r-devel-linux-x86_64-debian-gcc 2.0.6 5.54 42.08 47.62 OK
r-devel-linux-x86_64-fedora-clang 2.0.6 80.64 NOTE
r-devel-linux-x86_64-fedora-gcc 2.0.6 75.67 NOTE
r-devel-windows-x86_64 2.0.6 6.00 70.00 76.00 OK
r-patched-linux-x86_64 2.0.6 5.96 54.65 60.61 OK
r-release-linux-x86_64 2.0.6 6.93 53.19 60.12 OK
r-release-macos-arm64 2.0.6 23.00 OK
r-release-macos-x86_64 2.0.6 39.00 OK
r-release-windows-x86_64 2.0.6 6.00 70.00 76.00 OK
r-oldrel-macos-arm64 2.0.6 25.00 OK
r-oldrel-macos-x86_64 2.0.6 42.00 OK
r-oldrel-windows-x86_64 2.0.6 6.00 72.00 78.00 OK

Check Details

Version: 2.0.6
Check: dependencies in R code
Result: NOTE Namespace in Imports field not imported from: ‘truncnorm’ All declared Imports should be used. Flavors: r-devel-linux-x86_64-fedora-clang, r-devel-linux-x86_64-fedora-gcc