CRAN Package Check Results for Package discretefit

Last updated on 2024-07-15 16:56:19 CEST.

Flavor Version Tinstall Tcheck Ttotal Status Flags
r-devel-linux-x86_64-debian-clang 0.1.2 37.04 48.25 85.29 NOTE
r-devel-linux-x86_64-debian-gcc 0.1.2 24.27 36.00 60.27 NOTE
r-devel-linux-x86_64-fedora-clang 0.1.2 122.46 NOTE
r-devel-linux-x86_64-fedora-gcc 0.1.2 124.70 NOTE
r-devel-windows-x86_64 0.1.2 28.00 75.00 103.00 NOTE
r-patched-linux-x86_64 0.1.2 30.08 46.18 76.26 NOTE
r-release-linux-x86_64 0.1.2 27.59 45.97 73.56 NOTE
r-release-macos-arm64 0.1.2 35.00 NOTE
r-release-macos-x86_64 0.1.2 49.00 NOTE
r-release-windows-x86_64 0.1.2 28.00 75.00 103.00 NOTE
r-oldrel-macos-arm64 0.1.2 39.00 NOTE
r-oldrel-macos-x86_64 0.1.2 62.00 NOTE
r-oldrel-windows-x86_64 0.1.2 27.00 86.00 113.00 NOTE

Check Details

Version: 0.1.2
Check: C++ specification
Result: NOTE Specified C++11: please drop specification unless essential Flavors: r-devel-linux-x86_64-debian-clang, r-devel-linux-x86_64-debian-gcc, r-devel-linux-x86_64-fedora-clang, r-devel-linux-x86_64-fedora-gcc, r-devel-windows-x86_64, r-patched-linux-x86_64, r-release-linux-x86_64, r-release-macos-arm64, r-release-macos-x86_64, r-release-windows-x86_64, r-oldrel-macos-arm64, r-oldrel-macos-x86_64, r-oldrel-windows-x86_64