Last updated on 2025-01-21 16:50:04 CET.
Flavor | Version | Tinstall | Tcheck | Ttotal | Status | Flags |
---|---|---|---|---|---|---|
r-devel-linux-x86_64-debian-clang | 2.1.7 | 29.16 | 81.85 | 111.01 | NOTE | |
r-devel-linux-x86_64-debian-gcc | 2.1.7 | 17.77 | 56.05 | 73.82 | NOTE | |
r-devel-linux-x86_64-fedora-clang | 2.1.7 | 173.81 | NOTE | |||
r-devel-linux-x86_64-fedora-gcc | 2.1.7 | 165.02 | NOTE | |||
r-devel-windows-x86_64 | 2.1.7 | 31.00 | 106.00 | 137.00 | NOTE | |
r-patched-linux-x86_64 | 2.1.7 | 27.14 | 72.78 | 99.92 | NOTE | |
r-release-linux-x86_64 | 2.1.7 | 21.65 | 73.00 | 94.65 | NOTE | |
r-release-macos-arm64 | 2.1.7 | 55.00 | NOTE | |||
r-release-macos-x86_64 | 2.1.7 | 102.00 | NOTE | |||
r-release-windows-x86_64 | 2.1.7 | 35.00 | 187.00 | 222.00 | NOTE | |
r-oldrel-macos-arm64 | 2.1.7 | 58.00 | OK | |||
r-oldrel-macos-x86_64 | 2.1.7 | 125.00 | OK | |||
r-oldrel-windows-x86_64 | 2.1.7 | 27.00 | 119.00 | 146.00 | OK |
Version: 2.1.7
Check: Rd files
Result: NOTE
checkRd: (-1) AIC.dglars.Rd:47: Lost braces
47 | \item{comp}{the measures of model complexity used to compute the measure of goodness-of-fit. It is equal to \code{npar} when code{complexity = "df"};}
| ^
checkRd: (-1) dglars.Rd:258: Lost braces
258 | \item{\code{7}}{maximum number of solution points ('code{np}') reached.}
| ^
Flavors: r-devel-linux-x86_64-debian-clang, r-devel-linux-x86_64-debian-gcc, r-devel-linux-x86_64-fedora-clang, r-devel-linux-x86_64-fedora-gcc, r-devel-windows-x86_64, r-patched-linux-x86_64, r-release-linux-x86_64, r-release-macos-arm64, r-release-macos-x86_64, r-release-windows-x86_64