CRAN Package Check Results for Package densityarea

Last updated on 2024-07-21 16:52:09 CEST.

Flavor Version Tinstall Tcheck Ttotal Status Flags
r-devel-linux-x86_64-debian-clang 0.1.0 6.42 156.71 163.13 OK
r-devel-linux-x86_64-debian-gcc 0.1.0 5.53 118.86 124.39 NOTE
r-devel-linux-x86_64-fedora-clang 0.1.0 211.12 NOTE
r-devel-linux-x86_64-fedora-gcc 0.1.0 213.39 NOTE
r-devel-windows-x86_64 0.1.0 8.00 121.00 129.00 NOTE
r-patched-linux-x86_64 0.1.0 12.20 149.95 162.15 OK
r-release-linux-x86_64 0.1.0 4.73 151.09 155.82 OK
r-release-macos-arm64 0.1.0 63.00 OK
r-release-macos-x86_64 0.1.0 95.00 OK
r-release-windows-x86_64 0.1.0 9.00 121.00 130.00 OK
r-oldrel-macos-arm64 0.1.0 67.00 OK
r-oldrel-macos-x86_64 0.1.0 114.00 OK
r-oldrel-windows-x86_64 0.1.0 9.00 139.00 148.00 OK

Check Details

Version: 0.1.0
Check: Rd cross-references
Result: NOTE Found the following Rd file(s) with Rd \link{} targets missing package anchors: density_polygons.Rd: sf Please provide package anchors for all Rd \link{} targets not in the package itself and the base packages. Flavors: r-devel-linux-x86_64-debian-gcc, r-devel-windows-x86_64

Version: 0.1.0
Check: data for non-ASCII characters
Result: NOTE Note: found 2534 marked UTF-8 strings Flavors: r-devel-linux-x86_64-fedora-clang, r-devel-linux-x86_64-fedora-gcc