CRAN Package Check Results for Package denseFLMM

Last updated on 2024-06-21 16:55:56 CEST.

Flavor Version Tinstall Tcheck Ttotal Status Flags
r-devel-linux-x86_64-debian-clang 0.1.2 7.55 67.62 75.17 NOTE
r-devel-linux-x86_64-debian-gcc 0.1.2 5.10 52.76 57.86 NOTE
r-devel-linux-x86_64-fedora-clang 0.1.2 93.60 NOTE
r-devel-linux-x86_64-fedora-gcc 0.1.2 99.30 NOTE
r-devel-windows-x86_64 0.1.2 7.00 63.00 70.00 NOTE
r-patched-linux-x86_64 0.1.2 8.05 65.27 73.32 NOTE
r-release-linux-x86_64 0.1.2 8.75 65.37 74.12 NOTE
r-release-macos-arm64 0.1.2 30.00 NOTE
r-release-macos-x86_64 0.1.2 54.00 NOTE
r-release-windows-x86_64 0.1.2 7.00 63.00 70.00 NOTE
r-oldrel-macos-arm64 0.1.2 33.00 NOTE
r-oldrel-macos-x86_64 0.1.2 54.00 NOTE
r-oldrel-windows-x86_64 0.1.2 8.00 82.00 90.00 NOTE

Check Details

Version: 0.1.2
Check: package subdirectories
Result: NOTE Problems with news in ‘NEWS.md’: No news entries found. Flavors: r-devel-linux-x86_64-debian-clang, r-devel-linux-x86_64-debian-gcc, r-devel-linux-x86_64-fedora-clang, r-devel-linux-x86_64-fedora-gcc, r-devel-windows-x86_64, r-patched-linux-x86_64, r-release-linux-x86_64, r-release-macos-arm64, r-release-macos-x86_64, r-release-windows-x86_64, r-oldrel-macos-arm64, r-oldrel-macos-x86_64, r-oldrel-windows-x86_64

Version: 0.1.2
Check: LazyData
Result: NOTE 'LazyData' is specified without a 'data' directory Flavors: r-devel-linux-x86_64-debian-clang, r-devel-linux-x86_64-debian-gcc, r-devel-linux-x86_64-fedora-clang, r-devel-linux-x86_64-fedora-gcc, r-devel-windows-x86_64, r-patched-linux-x86_64, r-release-linux-x86_64, r-release-macos-arm64, r-release-macos-x86_64, r-release-windows-x86_64, r-oldrel-macos-arm64, r-oldrel-macos-x86_64, r-oldrel-windows-x86_64

Version: 0.1.2
Check: dependencies in R code
Result: NOTE Namespace in Imports field not imported from: ‘mvtnorm’ All declared Imports should be used. Flavors: r-devel-linux-x86_64-fedora-clang, r-devel-linux-x86_64-fedora-gcc