CRAN Package Check Results for Package dbscan

Last updated on 2025-04-22 16:51:53 CEST.

Flavor Version Tinstall Tcheck Ttotal Status Flags
r-devel-linux-x86_64-debian-clang 1.2.2 102.38 100.90 203.28 OK
r-devel-linux-x86_64-debian-gcc 1.2.2 80.59 71.61 152.20 OK
r-devel-linux-x86_64-fedora-clang 1.2.2 389.07 OK
r-devel-linux-x86_64-fedora-gcc 1.2.2 382.32 OK
r-devel-windows-x86_64 1.2.2 119.00 163.00 282.00 OK
r-patched-linux-x86_64 1.2.2 103.53 97.41 200.94 OK
r-release-linux-x86_64 1.2.2 101.61 97.18 198.79 OK
r-release-macos-arm64 1.2.2 97.00 OK
r-release-macos-x86_64 1.2.2 146.00 OK
r-release-windows-x86_64 1.2.2 122.00 162.00 284.00 OK
r-oldrel-macos-arm64 1.2.2 97.00 NOTE
r-oldrel-macos-x86_64 1.2.2 163.00 NOTE
r-oldrel-windows-x86_64 1.2.2 119.00 185.00 304.00 NOTE

Check Details

Version: 1.2.2
Check: installed package size
Result: NOTE installed size is 11.0Mb sub-directories of 1Mb or more: doc 3.0Mb libs 7.3Mb Flavors: r-oldrel-macos-arm64, r-oldrel-macos-x86_64, r-oldrel-windows-x86_64