CRAN Package Check Results for Package datrProfile

Last updated on 2024-07-20 16:49:00 CEST.

Flavor Version Tinstall Tcheck Ttotal Status Flags
r-devel-linux-x86_64-debian-clang 0.1.0 2.60 29.44 32.04 NOTE
r-devel-linux-x86_64-debian-gcc 0.1.0 2.05 22.35 24.40 NOTE
r-devel-linux-x86_64-fedora-clang 0.1.0 39.85 NOTE
r-devel-linux-x86_64-fedora-gcc 0.1.0 37.74 NOTE
r-devel-windows-x86_64 0.1.0 5.00 46.00 51.00 NOTE
r-patched-linux-x86_64 0.1.0 1.93 27.43 29.36 NOTE
r-release-linux-x86_64 0.1.0 2.25 28.51 30.76 NOTE
r-release-macos-arm64 0.1.0 19.00 NOTE
r-release-macos-x86_64 0.1.0 24.00 NOTE
r-release-windows-x86_64 0.1.0 4.00 47.00 51.00 NOTE
r-oldrel-macos-arm64 0.1.0 18.00 NOTE
r-oldrel-macos-x86_64 0.1.0 23.00 NOTE
r-oldrel-windows-x86_64 0.1.0 4.00 48.00 52.00 NOTE

Check Details

Version: 0.1.0
Check: LazyData
Result: NOTE 'LazyData' is specified without a 'data' directory Flavors: r-devel-linux-x86_64-debian-clang, r-devel-linux-x86_64-debian-gcc, r-devel-linux-x86_64-fedora-clang, r-devel-linux-x86_64-fedora-gcc, r-devel-windows-x86_64, r-patched-linux-x86_64, r-release-linux-x86_64, r-release-macos-arm64, r-release-macos-x86_64, r-release-windows-x86_64, r-oldrel-macos-arm64, r-oldrel-macos-x86_64, r-oldrel-windows-x86_64