CRAN Package Check Results for Package dataReporter

Last updated on 2024-07-15 16:56:19 CEST.

Flavor Version Tinstall Tcheck Ttotal Status Flags
r-devel-linux-x86_64-debian-clang 1.0.2 10.81 105.59 116.40 NOTE
r-devel-linux-x86_64-debian-gcc 1.0.2 8.06 78.03 86.09 NOTE
r-devel-linux-x86_64-fedora-clang 1.0.2 151.03 NOTE
r-devel-linux-x86_64-fedora-gcc 1.0.2 148.21 NOTE
r-devel-windows-x86_64 1.0.2 10.00 117.00 127.00 NOTE
r-patched-linux-x86_64 1.0.2 13.31 99.99 113.30 NOTE
r-release-linux-x86_64 1.0.2 5.94 98.92 104.86 NOTE
r-release-macos-arm64 1.0.2 54.00 NOTE
r-release-macos-x86_64 1.0.2 74.00 NOTE
r-release-windows-x86_64 1.0.2 10.00 116.00 126.00 NOTE
r-oldrel-macos-arm64 1.0.2 54.00 OK
r-oldrel-macos-x86_64 1.0.2 83.00 OK
r-oldrel-windows-x86_64 1.0.2 14.00 129.00 143.00 OK

Check Details

Version: 1.0.2
Check: Rd files
Result: NOTE checkRd: (-1) defaultFactorSummaries.Rd:29: Lost braces 29 | code{\link{variableType}}, \code{\link{countMissing}}, \code{\link{uniqueValues}}, | ^ Flavors: r-devel-linux-x86_64-debian-clang, r-devel-linux-x86_64-debian-gcc, r-devel-linux-x86_64-fedora-clang, r-devel-linux-x86_64-fedora-gcc, r-devel-windows-x86_64, r-patched-linux-x86_64, r-release-linux-x86_64, r-release-macos-arm64, r-release-macos-x86_64, r-release-windows-x86_64

Version: 1.0.2
Check: Rd cross-references
Result: NOTE Found the following Rd file(s) with Rd \link{} targets missing package anchors: identifyOutliers.Rd: mc Please provide package anchors for all Rd \link{} targets not in the package itself and the base packages. Flavor: r-devel-windows-x86_64