CRAN Package Check Results for Package dafishr

Last updated on 2024-07-25 04:49:50 CEST.

Flavor Version Tinstall Tcheck Ttotal Status Flags
r-devel-linux-x86_64-debian-clang 1.0.0 7.63 75.75 83.38 OK
r-devel-linux-x86_64-debian-gcc 1.0.1 6.43 56.79 63.22 OK
r-devel-linux-x86_64-fedora-clang 1.0.1 108.13 NOTE
r-devel-linux-x86_64-fedora-gcc 1.0.1 116.35 NOTE
r-devel-windows-x86_64 1.0.0 9.00 77.00 86.00 OK
r-patched-linux-x86_64 1.0.0 6.89 71.95 78.84 OK
r-release-linux-x86_64 1.0.0 5.17 71.88 77.05 OK
r-release-macos-arm64 1.0.1 41.00 OK
r-release-macos-x86_64 1.0.1 120.00 OK
r-release-windows-x86_64 1.0.0 9.00 77.00 86.00 OK
r-oldrel-macos-arm64 1.0.1 44.00 OK
r-oldrel-macos-x86_64 1.0.1 81.00 OK
r-oldrel-windows-x86_64 1.0.1 12.00 94.00 106.00 OK

Check Details

Version: 1.0.1
Check: data for non-ASCII characters
Result: NOTE Note: found 2020 marked UTF-8 strings Flavors: r-devel-linux-x86_64-fedora-clang, r-devel-linux-x86_64-fedora-gcc