CRAN Package Check Results for Package cvequality

Last updated on 2024-07-13 04:48:34 CEST.

Flavor Version Tinstall Tcheck Ttotal Status Flags
r-devel-linux-x86_64-debian-clang 0.2.0 1.78 53.59 55.37 NOTE
r-devel-linux-x86_64-debian-gcc 0.2.0 1.76 38.14 39.90 NOTE
r-devel-linux-x86_64-fedora-clang 0.2.0 71.39 NOTE
r-devel-linux-x86_64-fedora-gcc 0.2.0 79.51 NOTE
r-devel-windows-x86_64 0.2.0 3.00 58.00 61.00 NOTE
r-patched-linux-x86_64 0.2.0 2.47 49.64 52.11 NOTE
r-release-linux-x86_64 0.2.0 2.06 49.57 51.63 NOTE
r-release-macos-arm64 0.2.0 27.00 NOTE
r-release-macos-x86_64 0.2.0 44.00 NOTE
r-release-windows-x86_64 0.2.0 3.00 57.00 60.00 NOTE
r-oldrel-macos-arm64 0.2.0 29.00 NOTE
r-oldrel-macos-x86_64 0.2.0 44.00 NOTE
r-oldrel-windows-x86_64 0.2.0 3.00 64.00 67.00 NOTE

Check Details

Version: 0.2.0
Check: LazyData
Result: NOTE 'LazyData' is specified without a 'data' directory Flavors: r-devel-linux-x86_64-debian-clang, r-devel-linux-x86_64-debian-gcc, r-devel-linux-x86_64-fedora-clang, r-devel-linux-x86_64-fedora-gcc, r-devel-windows-x86_64, r-patched-linux-x86_64, r-release-linux-x86_64, r-release-macos-arm64, r-release-macos-x86_64, r-release-windows-x86_64, r-oldrel-macos-arm64, r-oldrel-macos-x86_64, r-oldrel-windows-x86_64